{"id":86554,"date":"2024-10-18T14:24:21","date_gmt":"2024-10-18T14:24:21","guid":{"rendered":"https:\/\/ricardovicentelopez.com.ar\/?page_id=86554"},"modified":"2024-10-18T14:24:21","modified_gmt":"2024-10-18T14:24:21","slug":"acquafortes-de-yanquilandia-vi","status":"publish","type":"page","link":"https:\/\/ricardovicentelopez.com.ar\/?page_id=86554","title":{"rendered":"Acquafortes de Yanquilandia VI"},"content":{"rendered":"\n<p class=\"has-medium-font-size wp-block-paragraph\"><strong>Ricardo Vicente L\u00f3pez<\/strong><\/p>\n\n\n\n<figure class=\"wp-block-image size-full\"><a href=\"https:\/\/ricardovicentelopez.com.ar\/wp-content\/uploads\/2024\/10\/image-4.png\"><img loading=\"lazy\" decoding=\"async\" width=\"734\" height=\"389\" src=\"https:\/\/ricardovicentelopez.com.ar\/wp-content\/uploads\/2024\/10\/image-4.png\" alt=\"\" class=\"wp-image-86555\" srcset=\"https:\/\/ricardovicentelopez.com.ar\/wp-content\/uploads\/2024\/10\/image-4.png 734w, https:\/\/ricardovicentelopez.com.ar\/wp-content\/uploads\/2024\/10\/image-4-300x159.png 300w\" sizes=\"auto, (max-width: 734px) 100vw, 734px\" \/><\/a><\/figure>\n\n\n\n<p class=\"wp-block-paragraph\">La Am\u00e9rica del sur, pero no s\u00f3lo ella, ha recibido diversas invasiones culturales: estilos de vida, modos de pensar, preferencias por las m\u00e1s diversas mercanc\u00edas, gustos, modas, hasta el punto en que hablar en ingl\u00e9s es un signo de muy buena formaci\u00f3n intelectual; lo contrario, no saberlo, es una muestra de pobreza intelectual. Los productos, de cualquier naturaleza, Made in USA (hechos en los EEUU), tienen garant\u00eda de gran calidad, s\u00f3lo por llevar ese sello. Amigo lector, si Ud. est\u00e1 convencido de que en EEUU, los habitantes tienen un alto est\u00e1ndar de vida, y que su democracia es el modelo superior, espejo para aprender; si cree que los EEUU invaden pa\u00edses para democratizarlos, ha sido v\u00edctima del arte de la propaganda que cre\u00f3 Doctor Edward Bernays (1881-1995) [<a href=\"#_ftn1\" id=\"_ftnref1\">[1]<\/a>].<\/p>\n\n\n\n<p class=\"wp-block-paragraph\">Le pido, por favor, amigo lector, que no lo tome a mal; me comprometo a que en las sucesivas notas de Acquafortes de Yanquilandia, ir\u00e9 desarrollando estos temas. Muchos de ellos exigir\u00e1n un esfuerzo de una credibilidad dificultosa. Por ello me comprometo a ser muy cuidadoso en la seriedad con la que voy a trabajar cada concepto, en la b\u00fasqueda de lo hoy muy devaluado: la verdad. Lo sucedido ha adquirido un papel&nbsp;&nbsp; fundamental para comprender los porqu\u00e9s de preguntas que nos angustian: \u00bfC\u00f3mo es que hemos llegado a extremos jam\u00e1s imaginados?<\/p>\n\n\n\n<p class=\"wp-block-paragraph\">=========================<\/p>\n\n\n\n<p class=\"has-medium-font-size wp-block-paragraph\"><strong>Parte sexta \u2013 Algunos ricos se est\u00e1n dando cuenta que as\u00ed no se puede seguir &#8211; Los multimillonarios que quieren pagar m\u00e1s impuestos por miedo a un estallido social.<\/strong><\/p>\n\n\n\n<p class=\"wp-block-paragraph\"><em>Por Marcelo Justo &#8211; Desde Londres<\/em><\/p>\n\n\n\n<p class=\"wp-block-paragraph\">La organizaci\u00f3n Patriotic Millonaires, en Estados Unidos, propone la suba de la carga tributaria a los ricos para disminuir la desigualdad de ingresos. <em>Lo hace preocupada por la creciente concentraci\u00f3n de la riqueza que estar\u00eda poniendo en jaque la convivencia democr\u00e1tica. Cr\u00edticas al capitalismo dominado por las finanzas.<\/em><\/p>\n\n\n\n<p class=\"wp-block-paragraph\">Tambi\u00e9n sugieren salir del fen\u00f3meno economistas, como Paul Krugman y Lawrence Summers, calificaron de estancamiento secular.<\/p>\n\n\n\n<p class=\"wp-block-paragraph\">\u00abEl \u00abpatriotismo\u00bb de estos millonarios es apostar por una redistribuci\u00f3n progresiva del ingreso. Cash dialog\u00f3 con el director de Patriotic Millonaires, Morris Pearl, ex director de Black Rock, una de las firmas de inversi\u00f3n en m\u00e1s importantes el mundo\u00bb.<\/p>\n\n\n\n<p class=\"wp-block-paragraph\">\u00bfLos ricos tambi\u00e9n lloran? Bernarda Llorente &#8211; Polit\u00f3loga. Experta en Medios, Contenidos y Comunicaci\u00f3n. Afirma:<\/p>\n\n\n\n<p class=\"wp-block-paragraph\">\u00abLa pol\u00edtica en deconstrucci\u00f3n. La furia se volvi\u00f3 desconcierto. Son conocidos como <em>los \u201cmillonarios patri\u00f3ticos\u201d, est\u00e1n en la cima de la riqueza y desde all\u00ed vislumbran que un modelo cada vez m\u00e1s desigual e injusto no solo es cuestionable sino tambi\u00e9n insostenible<\/em>. \u201c<em>EE.UU. tiene una responsabilidad moral, \u00e9tica y econ\u00f3mica de gravar m\u00e1s nuestra riqueza, deber\u00edamos sentirnos orgullosos de poder hacerlo<\/em>\u201d, concluyen en una Carta Abierta firmas como las del magnate George Soros, la heredera y fil\u00e1ntropa Abigail Disney, el cofundador de Facebook y autor de un libro dedicado a la desigualdad Chris Hughes o la billonaria familia Pritzker\u00bb.&nbsp;&nbsp;&nbsp;&nbsp;<\/p>\n\n\n\n<p class=\"wp-block-paragraph\"><em>A contramano del dogmatismo econ\u00f3mico \u2013coronado en teor\u00eda y desmentido en sus pr\u00e1cticas\u2013 que asocia indisolublemente menores grav\u00e1menes impositivos con altas tasas de inversi\u00f3n y crecimiento, el reclamo de doscientos multimillonarios invita a apaciguar la codicia y pensar en el largo plazo. Abogan porque los aspirantes a ocupar la Presidencia estadounidense en 2025, indistintamente dem\u00f3cratas o republicanos, instauren un impuesto del 1%, al sector que condensa la mayor parte de la riqueza, el <\/em>1<em>%.<\/em> Para la \u00e9lite econ\u00f3mica las consecuencias para sus bolsillos ser\u00edan casi imperceptibles. Para el conjunto de la sociedad, por el contrario, <em>una mayor recaudaci\u00f3n posibilitar\u00eda mitigar el cambio clim\u00e1tico, mejorar la econom\u00eda de los sectores medios y bajos, la instrumentaci\u00f3n de un sistema de salud universal o una educaci\u00f3n m\u00e1s accesible e inclusiva, por ejemplo<\/em>.<\/p>\n\n\n\n<p class=\"wp-block-paragraph\">La propuesta de los \u201cpatri\u00f3ticos\u201d responde a la preocupaci\u00f3n de que la extrema concentraci\u00f3n econ\u00f3mica y, por ende, <em>el crecimiento feroz de la desigualdad afecta los pilares en los que se asienta la democracia, \u201csocavando la gobernalidad, la estabilidad y la integridad de la Rep\u00fablica<\/em>\u201d. <em>Est\u00e1 en sinton\u00eda con un clima de \u00e9poca en el que la impronta presidencial exacerb\u00f3 los \u00e1nimos, polariz\u00f3 el debate, profundiz\u00f3 \u201cgrietas\u201d y mostr\u00f3 sin tapujos el resquebrajamiento de un \u201csue\u00f1o americano\u201d que necesita repensarse desde una sociedad bien despierta<\/em>.<\/p>\n\n\n\n<p class=\"wp-block-paragraph\">No en vano, la mayor\u00eda de los precandidatos dem\u00f3cratas con posibilidades de competir por la Casa Blanca tienen perfiles definidos y propuestas radicales. Tanto Bernie Sanders, Elizabeth Warren, Pete Buttigieg o Beto O\u2019Rourke impulsan pol\u00edticas equitativas y redistributivas asentadas en mayores grav\u00e1menes a la riqueza. <em>Si la rebaja impositiva a los ricos fue la ortodoxia neoliberal de Trump, la senadora Warren propone aplicar una tasa del 2% a quienes posean un patrimonio superior a 50 millones de d\u00f3lares y del 3% a quienes superen los mil millones. Lo que hasta hace poco tiempo parec\u00eda inviable, hoy forma parte del debate en \u00e1mbitos tan dis\u00edmiles como los acad\u00e9micos, en las filas republicanas, e incluso en Davos<\/em>.<\/p>\n\n\n\n<p class=\"wp-block-paragraph\">\u2026\u2026\u2026\u2026\u2026\u2026\u2026\u2026\u2026\u2026<\/p>\n\n\n\n<p class=\"wp-block-paragraph\">Sheelah Kolhatkar [<a href=\"#_ftn2\" id=\"_ftnref2\">[2]<\/a>] en \u00abBlack Edge\u00bb <em>cuenta la historia de c\u00f3mo surgi\u00f3 la nueva y poderosa clase de multimillonarios de fondos de cobertura y la investigaci\u00f3n sobre informaci\u00f3n<\/em>, public\u00f3 en <em>The New Yorker<\/em> una nota con este t\u00edtulo: \u00ab<em>Los ultrarricos que argumentan que deber\u00edan pagar impuestos m\u00e1s altos<\/em>\u00bb<\/p>\n\n\n\n<p class=\"wp-block-paragraph\">\u00abEse a\u00f1o, el empresario Nick Hanauer, uno de los primeros inversionistas en Amazon, dio una charla TED [<a href=\"#_ftn3\" id=\"_ftnref3\">[3]<\/a>] llamada \u00abCuidado, compa\u00f1eros plut\u00f3cratas, los Pitchforks est\u00e1n llegando\u00bb. <em>Despu\u00e9s de describir sus m\u00faltiples hogares, su yate y su avi\u00f3n privado, Hanauer argument\u00f3 que Estados Unidos corr\u00eda el riesgo de convertirse en una sociedad rentista neofeudal similar a Francia antes de la Revoluci\u00f3n<\/em>. En un ensayo en Pol\u00edtico, escribi\u00f3: Las revoluciones, como las bancarrotas, se producen gradualmente y luego de repente. Un d\u00eda, alguien se prende fuego, luego miles de personas est\u00e1n en las calles y, antes de que te des cuenta, el pa\u00eds est\u00e1 ardiendo\u00bb.<\/p>\n\n\n\n<hr class=\"wp-block-separator has-alpha-channel-opacity\"\/>\n\n\n\n<p class=\"wp-block-paragraph\"><a href=\"#_ftnref1\" id=\"_ftn1\">[1]<\/a>&nbsp; Sugiero ver el documental de la BBC de Londres: El siglo del individualismo (2002)- es un documental brit\u00e1nico que muestra, con mucha claridad, c\u00f3mo las investigaciones de Sigmund Freud, Anna Freud y Edward Bernays han influido decididamente en las pol\u00edticas de las corporaciones. Sosten\u00eda que: \u00abLa manipulaci\u00f3n consciente e inteligente de los h\u00e1bitos y opiniones son una condici\u00f3n necesaria del capitalismo.<\/p>\n\n\n\n<p class=\"wp-block-paragraph\"><a href=\"#_ftnref2\" id=\"_ftn2\">[2]<\/a> Analista de fondos de cobertura, es redactora de The New Yorker, donde escribe sobre Wall Street, Silicon Valley, econom\u00eda y pol\u00edtica nacional, entre otras cosas. Ha escrito la columna Financial Page de la revista y ha presentado el programa de televisi\u00f3n p\u00fablica \u00abPlaying By The Rules\u00bb, sobre \u00e9tica en el mundo de los negocios.<\/p>\n\n\n\n<p class=\"wp-block-paragraph\"><a href=\"#_ftnref3\" id=\"_ftn3\">[3]<\/a> TED Conferences, LLC es una organizaci\u00f3n de medios estadounidense-canadiense sin fines de lucro que publica charlas internacionales en l\u00ednea para su distribuci\u00f3n gratuita bajo el lema \u00abideas que vale la pena difundir\u00bb.<\/p>\n","protected":false},"excerpt":{"rendered":"<p>Ricardo Vicente L\u00f3pez La Am\u00e9rica del sur, pero no s\u00f3lo ella, ha recibido diversas invasiones culturales: estilos de vida, modos de pensar, preferencias por las m\u00e1s diversas mercanc\u00edas, gustos, modas, hasta el punto en que hablar en ingl\u00e9s es un signo de muy buena formaci\u00f3n intelectual; lo contrario, no saberlo, es una muestra de pobreza [&hellip;]<\/p>\n","protected":false},"author":1,"featured_media":0,"parent":86481,"menu_order":0,"comment_status":"closed","ping_status":"closed","template":"","meta":{"footnotes":""},"class_list":["post-86554","page","type-page","status-publish","hentry"],"_links":{"self":[{"href":"https:\/\/ricardovicentelopez.com.ar\/index.php?rest_route=\/wp\/v2\/pages\/86554","targetHints":{"allow":["GET"]}}],"collection":[{"href":"https:\/\/ricardovicentelopez.com.ar\/index.php?rest_route=\/wp\/v2\/pages"}],"about":[{"href":"https:\/\/ricardovicentelopez.com.ar\/index.php?rest_route=\/wp\/v2\/types\/page"}],"author":[{"embeddable":true,"href":"https:\/\/ricardovicentelopez.com.ar\/index.php?rest_route=\/wp\/v2\/users\/1"}],"replies":[{"embeddable":true,"href":"https:\/\/ricardovicentelopez.com.ar\/index.php?rest_route=%2Fwp%2Fv2%2Fcomments&post=86554"}],"version-history":[{"count":1,"href":"https:\/\/ricardovicentelopez.com.ar\/index.php?rest_route=\/wp\/v2\/pages\/86554\/revisions"}],"predecessor-version":[{"id":86556,"href":"https:\/\/ricardovicentelopez.com.ar\/index.php?rest_route=\/wp\/v2\/pages\/86554\/revisions\/86556"}],"up":[{"embeddable":true,"href":"https:\/\/ricardovicentelopez.com.ar\/index.php?rest_route=\/wp\/v2\/pages\/86481"}],"wp:attachment":[{"href":"https:\/\/ricardovicentelopez.com.ar\/index.php?rest_route=%2Fwp%2Fv2%2Fmedia&parent=86554"}],"curies":[{"name":"wp","href":"https:\/\/api.w.org\/{rel}","templated":true}]}}

<p class="has-medium-font-size wp-block-paragraph"><strong>Ricardo Vicente López</strong></p>



<figure class="wp-block-image size-full"><a href="https://ricardovicentelopez.com.ar/wp-content/uploads/2024/10/image-4.png"><img loading="lazy" decoding="async" width="734" height="389" src="https://ricardovicentelopez.com.ar/wp-content/uploads/2024/10/image-4.png" alt="" class="wp-image-86555" srcset="https://ricardovicentelopez.com.ar/wp-content/uploads/2024/10/image-4.png 734w, https://ricardovicentelopez.com.ar/wp-content/uploads/2024/10/image-4-300x159.png 300w" sizes="auto, (max-width: 734px) 100vw, 734px" /></a></figure>



<p class="wp-block-paragraph">La América del sur, pero no sólo ella, ha recibido diversas invasiones culturales: estilos de vida, modos de pensar, preferencias por las más diversas mercancías, gustos, modas, hasta el punto en que hablar en inglés es un signo de muy buena formación intelectual; lo contrario, no saberlo, es una muestra de pobreza intelectual. Los productos, de cualquier naturaleza, Made in USA (hechos en los EEUU), tienen garantía de gran calidad, sólo por llevar ese sello. Amigo lector, si Ud. está convencido de que en EEUU, los habitantes tienen un alto estándar de vida, y que su democracia es el modelo superior, espejo para aprender; si cree que los EEUU invaden países para democratizarlos, ha sido víctima del arte de la propaganda que creó Doctor Edward Bernays (1881-1995) [<a href="#_ftn1" id="_ftnref1">[1]</a>].</p>



<p class="wp-block-paragraph">Le pido, por favor, amigo lector, que no lo tome a mal; me comprometo a que en las sucesivas notas de Acquafortes de Yanquilandia, iré desarrollando estos temas. Muchos de ellos exigirán un esfuerzo de una credibilidad dificultosa. Por ello me comprometo a ser muy cuidadoso en la seriedad con la que voy a trabajar cada concepto, en la búsqueda de lo hoy muy devaluado: la verdad. Lo sucedido ha adquirido un papel&nbsp;&nbsp; fundamental para comprender los porqués de preguntas que nos angustian: ¿Cómo es que hemos llegado a extremos jamás imaginados?</p>



<p class="wp-block-paragraph">=========================</p>



<p class="has-medium-font-size wp-block-paragraph"><strong>Parte sexta – Algunos ricos se están dando cuenta que así no se puede seguir &#8211; Los multimillonarios que quieren pagar más impuestos por miedo a un estallido social.</strong></p>



<p class="wp-block-paragraph"><em>Por Marcelo Justo &#8211; Desde Londres</em></p>



<p class="wp-block-paragraph">La organización Patriotic Millonaires, en Estados Unidos, propone la suba de la carga tributaria a los ricos para disminuir la desigualdad de ingresos. <em>Lo hace preocupada por la creciente concentración de la riqueza que estaría poniendo en jaque la convivencia democrática. Críticas al capitalismo dominado por las finanzas.</em></p>



<p class="wp-block-paragraph">También sugieren salir del fenómeno economistas, como Paul Krugman y Lawrence Summers, calificaron de estancamiento secular.</p>



<p class="wp-block-paragraph">«El «patriotismo» de estos millonarios es apostar por una redistribución progresiva del ingreso. Cash dialogó con el director de Patriotic Millonaires, Morris Pearl, ex director de Black Rock, una de las firmas de inversión en más importantes el mundo».</p>



<p class="wp-block-paragraph">¿Los ricos también lloran? Bernarda Llorente &#8211; Politóloga. Experta en Medios, Contenidos y Comunicación. Afirma:</p>



<p class="wp-block-paragraph">«La política en deconstrucción. La furia se volvió desconcierto. Son conocidos como <em>los “millonarios patrióticos”, están en la cima de la riqueza y desde allí vislumbran que un modelo cada vez más desigual e injusto no solo es cuestionable sino también insostenible</em>. “<em>EE.UU. tiene una responsabilidad moral, ética y económica de gravar más nuestra riqueza, deberíamos sentirnos orgullosos de poder hacerlo</em>”, concluyen en una Carta Abierta firmas como las del magnate George Soros, la heredera y filántropa Abigail Disney, el cofundador de Facebook y autor de un libro dedicado a la desigualdad Chris Hughes o la billonaria familia Pritzker».&nbsp;&nbsp;&nbsp;&nbsp;</p>



<p class="wp-block-paragraph"><em>A contramano del dogmatismo económico –coronado en teoría y desmentido en sus prácticas– que asocia indisolublemente menores gravámenes impositivos con altas tasas de inversión y crecimiento, el reclamo de doscientos multimillonarios invita a apaciguar la codicia y pensar en el largo plazo. Abogan porque los aspirantes a ocupar la Presidencia estadounidense en 2025, indistintamente demócratas o republicanos, instauren un impuesto del 1%, al sector que condensa la mayor parte de la riqueza, el </em>1<em>%.</em> Para la élite económica las consecuencias para sus bolsillos serían casi imperceptibles. Para el conjunto de la sociedad, por el contrario, <em>una mayor recaudación posibilitaría mitigar el cambio climático, mejorar la economía de los sectores medios y bajos, la instrumentación de un sistema de salud universal o una educación más accesible e inclusiva, por ejemplo</em>.</p>



<p class="wp-block-paragraph">La propuesta de los “patrióticos” responde a la preocupación de que la extrema concentración económica y, por ende, <em>el crecimiento feroz de la desigualdad afecta los pilares en los que se asienta la democracia, “socavando la gobernalidad, la estabilidad y la integridad de la República</em>”. <em>Está en sintonía con un clima de época en el que la impronta presidencial exacerbó los ánimos, polarizó el debate, profundizó “grietas” y mostró sin tapujos el resquebrajamiento de un “sueño americano” que necesita repensarse desde una sociedad bien despierta</em>.</p>



<p class="wp-block-paragraph">No en vano, la mayoría de los precandidatos demócratas con posibilidades de competir por la Casa Blanca tienen perfiles definidos y propuestas radicales. Tanto Bernie Sanders, Elizabeth Warren, Pete Buttigieg o Beto O’Rourke impulsan políticas equitativas y redistributivas asentadas en mayores gravámenes a la riqueza. <em>Si la rebaja impositiva a los ricos fue la ortodoxia neoliberal de Trump, la senadora Warren propone aplicar una tasa del 2% a quienes posean un patrimonio superior a 50 millones de dólares y del 3% a quienes superen los mil millones. Lo que hasta hace poco tiempo parecía inviable, hoy forma parte del debate en ámbitos tan disímiles como los académicos, en las filas republicanas, e incluso en Davos</em>.</p>



<p class="wp-block-paragraph">…………………………</p>



<p class="wp-block-paragraph">Sheelah Kolhatkar [<a href="#_ftn2" id="_ftnref2">[2]</a>] en «Black Edge» <em>cuenta la historia de cómo surgió la nueva y poderosa clase de multimillonarios de fondos de cobertura y la investigación sobre información</em>, publicó en <em>The New Yorker</em> una nota con este título: «<em>Los ultrarricos que argumentan que deberían pagar impuestos más altos</em>»</p>



<p class="wp-block-paragraph">«Ese año, el empresario Nick Hanauer, uno de los primeros inversionistas en Amazon, dio una charla TED [<a href="#_ftn3" id="_ftnref3">[3]</a>] llamada «Cuidado, compañeros plutócratas, los Pitchforks están llegando». <em>Después de describir sus múltiples hogares, su yate y su avión privado, Hanauer argumentó que Estados Unidos corría el riesgo de convertirse en una sociedad rentista neofeudal similar a Francia antes de la Revolución</em>. En un ensayo en Político, escribió: Las revoluciones, como las bancarrotas, se producen gradualmente y luego de repente. Un día, alguien se prende fuego, luego miles de personas están en las calles y, antes de que te des cuenta, el país está ardiendo».</p>



<hr class="wp-block-separator has-alpha-channel-opacity"/>



<p class="wp-block-paragraph"><a href="#_ftnref1" id="_ftn1">[1]</a>&nbsp; Sugiero ver el documental de la BBC de Londres: El siglo del individualismo (2002)- es un documental británico que muestra, con mucha claridad, cómo las investigaciones de Sigmund Freud, Anna Freud y Edward Bernays han influido decididamente en las políticas de las corporaciones. Sostenía que: «La manipulación consciente e inteligente de los hábitos y opiniones son una condición necesaria del capitalismo.</p>



<p class="wp-block-paragraph"><a href="#_ftnref2" id="_ftn2">[2]</a> Analista de fondos de cobertura, es redactora de The New Yorker, donde escribe sobre Wall Street, Silicon Valley, economía y política nacional, entre otras cosas. Ha escrito la columna Financial Page de la revista y ha presentado el programa de televisión pública «Playing By The Rules», sobre ética en el mundo de los negocios.</p>



<p class="wp-block-paragraph"><a href="#_ftnref3" id="_ftn3">[3]</a> TED Conferences, LLC es una organización de medios estadounidense-canadiense sin fines de lucro que publica charlas internacionales en línea para su distribución gratuita bajo el lema «ideas que vale la pena difundir».</p>

<p>Ricardo Vicente López La América del sur, pero no sólo ella, ha recibido diversas invasiones culturales: estilos de vida, modos de pensar, preferencias por las más diversas mercancías, gustos, modas, hasta el punto en que hablar en inglés es un signo de muy buena formación intelectual; lo contrario, no saberlo, es una muestra de pobreza [&hellip;]</p>
