{"id":86547,"date":"2024-10-16T18:57:17","date_gmt":"2024-10-16T18:57:17","guid":{"rendered":"https:\/\/ricardovicentelopez.com.ar\/?page_id=86547"},"modified":"2024-10-16T18:57:18","modified_gmt":"2024-10-16T18:57:18","slug":"acquafortes-de-yanquilandia-v","status":"publish","type":"page","link":"https:\/\/ricardovicentelopez.com.ar\/?page_id=86547","title":{"rendered":"Acquafortes de Yanquilandia V"},"content":{"rendered":"\n<p class=\"has-medium-font-size wp-block-paragraph\"><strong>Ricardo Vicente L\u00f3pez<\/strong><\/p>\n\n\n\n<figure class=\"wp-block-image size-large\"><a href=\"https:\/\/ricardovicentelopez.com.ar\/wp-content\/uploads\/2024\/10\/image-2.png\"><img loading=\"lazy\" decoding=\"async\" width=\"1024\" height=\"572\" src=\"https:\/\/ricardovicentelopez.com.ar\/wp-content\/uploads\/2024\/10\/image-2-1024x572.png\" alt=\"\" class=\"wp-image-86548\" srcset=\"https:\/\/ricardovicentelopez.com.ar\/wp-content\/uploads\/2024\/10\/image-2-1024x572.png 1024w, https:\/\/ricardovicentelopez.com.ar\/wp-content\/uploads\/2024\/10\/image-2-300x167.png 300w, https:\/\/ricardovicentelopez.com.ar\/wp-content\/uploads\/2024\/10\/image-2-768x429.png 768w, https:\/\/ricardovicentelopez.com.ar\/wp-content\/uploads\/2024\/10\/image-2.png 1186w\" sizes=\"auto, (max-width: 1024px) 100vw, 1024px\" \/><\/a><\/figure>\n\n\n\n<p class=\"wp-block-paragraph\">La Am\u00e9rica del sur, pero no s\u00f3lo ella, ha recibido diversas invasiones culturales: estilos de vida, modos de pensar, preferencias por las m\u00e1s diversas mercanc\u00edas, gustos, modas, hasta el punto en que hablar en ingl\u00e9s es un signo de muy buena formaci\u00f3n intelectual; lo contrario, no saberlo, es una muestra de pobreza intelectual. Los productos, de cualquier naturaleza, Made in USA (hechos en los EEUU), tienen garant\u00eda de gran calidad, s\u00f3lo por llevar ese sello. Amigo lector, si Ud. est\u00e1 convencido de que en EEUU, los habitantes tienen un alto est\u00e1ndar de vida, y que su democracia es el modelo superior, espejo para aprender; si cree que los EEUU invaden pa\u00edses para democratizarlos, ha sido v\u00edctima del arte de la propaganda que cre\u00f3 Doctor Edward Bernays (1881-1995) [<a href=\"#_ftn1\" id=\"_ftnref1\">[1]<\/a>].<\/p>\n\n\n\n<p class=\"wp-block-paragraph\">Le pido, por favor, amigo lector, que no lo tome a mal; me comprometo a que en las sucesivas notas de Acquafortes de Yanquilandia, ir\u00e9 desarrollando estos temas. Muchos de ellos exigir\u00e1n un esfuerzo de una credibilidad dificultosa. Por ello me comprometo a ser muy cuidadoso en la seriedad con la que voy a trabajar cada concepto, en la b\u00fasqueda de lo hoy muy devaluado: la verdad. Lo sucedido ha adquirido un papel&nbsp;&nbsp; fundamental para comprender los porqu\u00e9s de preguntas que nos angustian: \u00bfC\u00f3mo es que hemos llegado a extremos jam\u00e1s imaginados?<\/p>\n\n\n\n<p class=\"wp-block-paragraph\">=====================<\/p>\n\n\n\n<p class=\"has-medium-font-size wp-block-paragraph\"><strong>Quinta parte.- Crece la desigualdad entre ricos y pobres<\/strong><\/p>\n\n\n\n<p class=\"wp-block-paragraph\">Seg\u00fan una investigaci\u00f3n de Oxfam, dentro del sistema capitalista monop\u00f3lico, los multimillonarios vieron incrementarse su fortuna en 3,9 billones de d\u00f3lares entre el 18 de marzo y el 31 de diciembre de 2020. La pandemia de coronavirus, que ya super\u00f3 los 100 millones de contagios y caus\u00f3 la muerte de m\u00e1s de 2,1 millones de personas en todo el mundo, puso a la desigualdad en el centro de atenci\u00f3n. Es que mientras las grandes fortunas mundiales se han incrementado, los m\u00e1s pobres \u00abnecesitar\u00edan m\u00e1s de una d\u00e9cada para recuperarse de los impactos econ\u00f3micos de la crisis\u00bb, precis\u00f3 el informe anual sobre desigualdad de Oxfam Internacional<a href=\"#_ftn2\" id=\"_ftnref2\">[2]<\/a>.<\/p>\n\n\n\n<p class=\"wp-block-paragraph\">Su investigaci\u00f3n, se apoya en datos de Forbes y Credit Suisse. En tanto, Estados Unidos, China y Francia fueron los pa\u00edses que registraron los avances m\u00e1s importantes en cuanto al aumento de patrimonio de los \u00absuper ricos\u00bb. A su vez, el n\u00famero de personas que viven en la pobreza a nivel mundial podr\u00eda haber aumentado hasta en 500 millones el a\u00f1o pasado, seg\u00fan un documento de investigaci\u00f3n del <em>Instituto Mundial de Econom\u00eda del Desarrollo de la Universidad de las Naciones Unidas<\/em> que Oxfam cit\u00f3.<\/p>\n\n\n\n<p class=\"wp-block-paragraph\">Entre los diez hombres m\u00e1s ricos del mundo, Oxfam destac\u00f3 al fundador de Amazon, Jeff Bezos, al jefe de Tesla, Elon Musk, al principal accionista del grupo de art\u00edculos de lujo LVMH, Bernard Arnault, as\u00ed como a Bill Gates, de Microsoft, Mark Zuckerberg, de Facebook, Larry Ellison, de Oracle, a la leyenda de la inversi\u00f3n estadounidense Warren Buffett, y al cofundador de Google, Larry Page. El chino Zhong Shanshan, que se hizo multimillonario con su marca de agua mineral Nongfu Spring, y el jefe del Grupo Reliance, de la India, Mukesh Ambani, completan la lista.<\/p>\n\n\n\n<p class=\"wp-block-paragraph\">El documento, publicado, antes de la reuni\u00f3n virtual de l\u00edderes pol\u00edticos y financieros del Foro Econ\u00f3mico Mundial, que normalmente se realiza en Davos, Suiza, expuso el impacto dispar del virus en todo el mundo. \u00abLa pandemia de Covid-19 tiene el potencial de aumentar la desigualdad econ\u00f3mica en pr\u00e1cticamente todos los pa\u00edses del mundo al mismo tiempo\u00bb, se\u00f1al\u00f3 el informe, que indica, adem\u00e1s, que \u00abla desigualdad se est\u00e1 cobrando vidas\u00bb.<\/p>\n\n\n\n<p class=\"wp-block-paragraph\">\u201c<em>Estamos siendo testigos del mayor aumento de la desigualdad desde que comenzaron los registros. La profunda divisi\u00f3n entre ricos y pobres est\u00e1 resultando tan mortal como el virus\u201d, dijo Gabriela Bucher, directora ejecutiva de Oxfam<\/em>. <em>Las econom\u00edas manipuladas est\u00e1n canalizando la riqueza hacia una \u00e9lite rica que est\u00e1 sobrellevando la pandemia con lujo, mientras que los que est\u00e1n en la primera l\u00ednea de la pandemia (dependientes, trabajadores de la salud y vendedores de mercado) luchan por pagar las facturas y llevar comida a la mesa<\/em>\u201d, agreg\u00f3.<\/p>\n\n\n\n<p class=\"wp-block-paragraph\">Para luchar contra esta creciente desigualdad, los gobiernos deben asegurarse de que todos tengan acceso a una vacuna contra la Covid-19 y apoyo financiero si pierden sus empleos\u201d, dijo Bucher. \u201cAdem\u00e1s, este es el momento de inversiones a m\u00e1s largo plazo en servicios p\u00fablicos y sectores con bajas emisiones de carbono para crear millones de puestos de trabajo y garantizar que todos tengan acceso a la educaci\u00f3n, la atenci\u00f3n m\u00e9dica y la atenci\u00f3n social\u201d, agreg\u00f3 la dirigente.<\/p>\n\n\n\n<p class=\"wp-block-paragraph\">\u201cEstas medidas no deben ser soluciones de \u2018curita\u2019 para tiempos desesperados, sino una \u2018nueva normalidad\u2019 en las econom\u00edas que funcionen en beneficio de todas las personas, no solo de unos pocos privilegiados\u201d, concluy\u00f3 Bucher.<\/p>\n\n\n\n<p class=\"wp-block-paragraph\"><em>Impuestos a los m\u00e1s ricos<\/em><\/p>\n\n\n\n<p class=\"wp-block-paragraph\">Frente a este incremento de las desigualdades, Oxfam retom\u00f3 las proposiciones de los economistas Thomas Piketty y Gabriel Zucman a <em>favor de un aumento de la fiscalizaci\u00f3n para los m\u00e1s ricos<\/em>. <em>La crisis del coronavirus \u00abdebe significar un giro en la fiscalidad de las personas y las empresas m\u00e1s ricas. Nos ofrece la oportunidad de establecer por fin una fiscalidad justa, poner fin al nivelamiento por lo alto<\/em>.<\/p>\n\n\n\n<p class=\"wp-block-paragraph\">Esto puede tomar la forma de un aumento del impuesto sobre la fortuna, de las tasas sobre las transacciones financieras y medidas de erradicaci\u00f3n de la evasi\u00f3n fiscal\u00bb, indic\u00f3 el informe.<\/p>\n\n\n\n<p class=\"wp-block-paragraph\">La ONG cit\u00f3 como ejemplo a Argentina, que en diciembre sancion\u00f3 la Ley de Aporte Solidario y Extraordinario de las grandes fortunas, para paliar los efectos econ\u00f3micos de la pandemia de coronavirus, pese al rechazo de los empresarios que integran el establishment.<\/p>\n\n\n\n<hr class=\"wp-block-separator has-alpha-channel-opacity\"\/>\n\n\n\n<p class=\"wp-block-paragraph\"><a href=\"#_ftnref1\" id=\"_ftn1\">[1]<\/a>&nbsp; Sugiero ver el documental de la BBC de Londres: El siglo del individualismo (2002)- es un documental brit\u00e1nico que muestra, con mucha claridad, c\u00f3mo las investigaciones de Sigmund Freud, Anna Freud y Edward Bernays han influido decididamente en las pol\u00edticas de las corporaciones. Sosten\u00eda que: \u00abLa manipulaci\u00f3n consciente e inteligente de los h\u00e1bitos y opiniones son una condici\u00f3n necesaria del capitalismo.<\/p>\n\n\n\n<p class=\"wp-block-paragraph\"><a href=\"#_ftnref2\" id=\"_ftn2\">[2]<\/a> Oxfam es un movimiento mundial de personas que trabajan juntas para acabar con la injusticia de la pobreza. Junto a nuestras organizaciones socias, llevamos a cabo programas de desarrollo, hacemos campa\u00f1a e incidencia pol\u00edtica y proporcionamos ayuda humanitaria durante desastres y conflictos.<\/p>\n","protected":false},"excerpt":{"rendered":"<p>Ricardo Vicente L\u00f3pez La Am\u00e9rica del sur, pero no s\u00f3lo ella, ha recibido diversas invasiones culturales: estilos de vida, modos de pensar, preferencias por las m\u00e1s diversas mercanc\u00edas, gustos, modas, hasta el punto en que hablar en ingl\u00e9s es un signo de muy buena formaci\u00f3n intelectual; lo contrario, no saberlo, es una muestra de pobreza [&hellip;]<\/p>\n","protected":false},"author":1,"featured_media":0,"parent":86481,"menu_order":0,"comment_status":"closed","ping_status":"closed","template":"","meta":{"footnotes":""},"class_list":["post-86547","page","type-page","status-publish","hentry"],"_links":{"self":[{"href":"https:\/\/ricardovicentelopez.com.ar\/index.php?rest_route=\/wp\/v2\/pages\/86547","targetHints":{"allow":["GET"]}}],"collection":[{"href":"https:\/\/ricardovicentelopez.com.ar\/index.php?rest_route=\/wp\/v2\/pages"}],"about":[{"href":"https:\/\/ricardovicentelopez.com.ar\/index.php?rest_route=\/wp\/v2\/types\/page"}],"author":[{"embeddable":true,"href":"https:\/\/ricardovicentelopez.com.ar\/index.php?rest_route=\/wp\/v2\/users\/1"}],"replies":[{"embeddable":true,"href":"https:\/\/ricardovicentelopez.com.ar\/index.php?rest_route=%2Fwp%2Fv2%2Fcomments&post=86547"}],"version-history":[{"count":1,"href":"https:\/\/ricardovicentelopez.com.ar\/index.php?rest_route=\/wp\/v2\/pages\/86547\/revisions"}],"predecessor-version":[{"id":86549,"href":"https:\/\/ricardovicentelopez.com.ar\/index.php?rest_route=\/wp\/v2\/pages\/86547\/revisions\/86549"}],"up":[{"embeddable":true,"href":"https:\/\/ricardovicentelopez.com.ar\/index.php?rest_route=\/wp\/v2\/pages\/86481"}],"wp:attachment":[{"href":"https:\/\/ricardovicentelopez.com.ar\/index.php?rest_route=%2Fwp%2Fv2%2Fmedia&parent=86547"}],"curies":[{"name":"wp","href":"https:\/\/api.w.org\/{rel}","templated":true}]}}

<p class="has-medium-font-size wp-block-paragraph"><strong>Ricardo Vicente López</strong></p>



<figure class="wp-block-image size-large"><a href="https://ricardovicentelopez.com.ar/wp-content/uploads/2024/10/image-2.png"><img loading="lazy" decoding="async" width="1024" height="572" src="https://ricardovicentelopez.com.ar/wp-content/uploads/2024/10/image-2-1024x572.png" alt="" class="wp-image-86548" srcset="https://ricardovicentelopez.com.ar/wp-content/uploads/2024/10/image-2-1024x572.png 1024w, https://ricardovicentelopez.com.ar/wp-content/uploads/2024/10/image-2-300x167.png 300w, https://ricardovicentelopez.com.ar/wp-content/uploads/2024/10/image-2-768x429.png 768w, https://ricardovicentelopez.com.ar/wp-content/uploads/2024/10/image-2.png 1186w" sizes="auto, (max-width: 1024px) 100vw, 1024px" /></a></figure>



<p class="wp-block-paragraph">La América del sur, pero no sólo ella, ha recibido diversas invasiones culturales: estilos de vida, modos de pensar, preferencias por las más diversas mercancías, gustos, modas, hasta el punto en que hablar en inglés es un signo de muy buena formación intelectual; lo contrario, no saberlo, es una muestra de pobreza intelectual. Los productos, de cualquier naturaleza, Made in USA (hechos en los EEUU), tienen garantía de gran calidad, sólo por llevar ese sello. Amigo lector, si Ud. está convencido de que en EEUU, los habitantes tienen un alto estándar de vida, y que su democracia es el modelo superior, espejo para aprender; si cree que los EEUU invaden países para democratizarlos, ha sido víctima del arte de la propaganda que creó Doctor Edward Bernays (1881-1995) [<a href="#_ftn1" id="_ftnref1">[1]</a>].</p>



<p class="wp-block-paragraph">Le pido, por favor, amigo lector, que no lo tome a mal; me comprometo a que en las sucesivas notas de Acquafortes de Yanquilandia, iré desarrollando estos temas. Muchos de ellos exigirán un esfuerzo de una credibilidad dificultosa. Por ello me comprometo a ser muy cuidadoso en la seriedad con la que voy a trabajar cada concepto, en la búsqueda de lo hoy muy devaluado: la verdad. Lo sucedido ha adquirido un papel&nbsp;&nbsp; fundamental para comprender los porqués de preguntas que nos angustian: ¿Cómo es que hemos llegado a extremos jamás imaginados?</p>



<p class="wp-block-paragraph">=====================</p>



<p class="has-medium-font-size wp-block-paragraph"><strong>Quinta parte.- Crece la desigualdad entre ricos y pobres</strong></p>



<p class="wp-block-paragraph">Según una investigación de Oxfam, dentro del sistema capitalista monopólico, los multimillonarios vieron incrementarse su fortuna en 3,9 billones de dólares entre el 18 de marzo y el 31 de diciembre de 2020. La pandemia de coronavirus, que ya superó los 100 millones de contagios y causó la muerte de más de 2,1 millones de personas en todo el mundo, puso a la desigualdad en el centro de atención. Es que mientras las grandes fortunas mundiales se han incrementado, los más pobres «necesitarían más de una década para recuperarse de los impactos económicos de la crisis», precisó el informe anual sobre desigualdad de Oxfam Internacional<a href="#_ftn2" id="_ftnref2">[2]</a>.</p>



<p class="wp-block-paragraph">Su investigación, se apoya en datos de Forbes y Credit Suisse. En tanto, Estados Unidos, China y Francia fueron los países que registraron los avances más importantes en cuanto al aumento de patrimonio de los «super ricos». A su vez, el número de personas que viven en la pobreza a nivel mundial podría haber aumentado hasta en 500 millones el año pasado, según un documento de investigación del <em>Instituto Mundial de Economía del Desarrollo de la Universidad de las Naciones Unidas</em> que Oxfam citó.</p>



<p class="wp-block-paragraph">Entre los diez hombres más ricos del mundo, Oxfam destacó al fundador de Amazon, Jeff Bezos, al jefe de Tesla, Elon Musk, al principal accionista del grupo de artículos de lujo LVMH, Bernard Arnault, así como a Bill Gates, de Microsoft, Mark Zuckerberg, de Facebook, Larry Ellison, de Oracle, a la leyenda de la inversión estadounidense Warren Buffett, y al cofundador de Google, Larry Page. El chino Zhong Shanshan, que se hizo multimillonario con su marca de agua mineral Nongfu Spring, y el jefe del Grupo Reliance, de la India, Mukesh Ambani, completan la lista.</p>



<p class="wp-block-paragraph">El documento, publicado, antes de la reunión virtual de líderes políticos y financieros del Foro Económico Mundial, que normalmente se realiza en Davos, Suiza, expuso el impacto dispar del virus en todo el mundo. «La pandemia de Covid-19 tiene el potencial de aumentar la desigualdad económica en prácticamente todos los países del mundo al mismo tiempo», señaló el informe, que indica, además, que «la desigualdad se está cobrando vidas».</p>



<p class="wp-block-paragraph">“<em>Estamos siendo testigos del mayor aumento de la desigualdad desde que comenzaron los registros. La profunda división entre ricos y pobres está resultando tan mortal como el virus”, dijo Gabriela Bucher, directora ejecutiva de Oxfam</em>. <em>Las economías manipuladas están canalizando la riqueza hacia una élite rica que está sobrellevando la pandemia con lujo, mientras que los que están en la primera línea de la pandemia (dependientes, trabajadores de la salud y vendedores de mercado) luchan por pagar las facturas y llevar comida a la mesa</em>”, agregó.</p>



<p class="wp-block-paragraph">Para luchar contra esta creciente desigualdad, los gobiernos deben asegurarse de que todos tengan acceso a una vacuna contra la Covid-19 y apoyo financiero si pierden sus empleos”, dijo Bucher. “Además, este es el momento de inversiones a más largo plazo en servicios públicos y sectores con bajas emisiones de carbono para crear millones de puestos de trabajo y garantizar que todos tengan acceso a la educación, la atención médica y la atención social”, agregó la dirigente.</p>



<p class="wp-block-paragraph">“Estas medidas no deben ser soluciones de ‘curita’ para tiempos desesperados, sino una ‘nueva normalidad’ en las economías que funcionen en beneficio de todas las personas, no solo de unos pocos privilegiados”, concluyó Bucher.</p>



<p class="wp-block-paragraph"><em>Impuestos a los más ricos</em></p>



<p class="wp-block-paragraph">Frente a este incremento de las desigualdades, Oxfam retomó las proposiciones de los economistas Thomas Piketty y Gabriel Zucman a <em>favor de un aumento de la fiscalización para los más ricos</em>. <em>La crisis del coronavirus «debe significar un giro en la fiscalidad de las personas y las empresas más ricas. Nos ofrece la oportunidad de establecer por fin una fiscalidad justa, poner fin al nivelamiento por lo alto</em>.</p>



<p class="wp-block-paragraph">Esto puede tomar la forma de un aumento del impuesto sobre la fortuna, de las tasas sobre las transacciones financieras y medidas de erradicación de la evasión fiscal», indicó el informe.</p>



<p class="wp-block-paragraph">La ONG citó como ejemplo a Argentina, que en diciembre sancionó la Ley de Aporte Solidario y Extraordinario de las grandes fortunas, para paliar los efectos económicos de la pandemia de coronavirus, pese al rechazo de los empresarios que integran el establishment.</p>



<hr class="wp-block-separator has-alpha-channel-opacity"/>



<p class="wp-block-paragraph"><a href="#_ftnref1" id="_ftn1">[1]</a>&nbsp; Sugiero ver el documental de la BBC de Londres: El siglo del individualismo (2002)- es un documental británico que muestra, con mucha claridad, cómo las investigaciones de Sigmund Freud, Anna Freud y Edward Bernays han influido decididamente en las políticas de las corporaciones. Sostenía que: «La manipulación consciente e inteligente de los hábitos y opiniones son una condición necesaria del capitalismo.</p>



<p class="wp-block-paragraph"><a href="#_ftnref2" id="_ftn2">[2]</a> Oxfam es un movimiento mundial de personas que trabajan juntas para acabar con la injusticia de la pobreza. Junto a nuestras organizaciones socias, llevamos a cabo programas de desarrollo, hacemos campaña e incidencia política y proporcionamos ayuda humanitaria durante desastres y conflictos.</p>

<p>Ricardo Vicente López La América del sur, pero no sólo ella, ha recibido diversas invasiones culturales: estilos de vida, modos de pensar, preferencias por las más diversas mercancías, gustos, modas, hasta el punto en que hablar en inglés es un signo de muy buena formación intelectual; lo contrario, no saberlo, es una muestra de pobreza [&hellip;]</p>
