{"id":86465,"date":"2024-07-31T11:22:56","date_gmt":"2024-07-31T11:22:56","guid":{"rendered":"https:\/\/ricardovicentelopez.com.ar\/?page_id=86465"},"modified":"2024-07-31T11:22:57","modified_gmt":"2024-07-31T11:22:57","slug":"america-es-el-continente-de-la-esperanza","status":"publish","type":"page","link":"https:\/\/ricardovicentelopez.com.ar\/?page_id=86465","title":{"rendered":"Am\u00e9rica es el continente de la esperanza \u00a0"},"content":{"rendered":"\n<p class=\"has-medium-font-size wp-block-paragraph\"><strong>Ricardo Vicente L\u00f3pez<\/strong><\/p>\n\n\n\n<figure class=\"wp-block-image size-full\"><a href=\"https:\/\/ricardovicentelopez.com.ar\/wp-content\/uploads\/2024\/07\/image.png\"><img loading=\"lazy\" decoding=\"async\" width=\"979\" height=\"681\" src=\"https:\/\/ricardovicentelopez.com.ar\/wp-content\/uploads\/2024\/07\/image.png\" alt=\"\" class=\"wp-image-86468\" srcset=\"https:\/\/ricardovicentelopez.com.ar\/wp-content\/uploads\/2024\/07\/image.png 979w, https:\/\/ricardovicentelopez.com.ar\/wp-content\/uploads\/2024\/07\/image-300x209.png 300w, https:\/\/ricardovicentelopez.com.ar\/wp-content\/uploads\/2024\/07\/image-768x534.png 768w\" sizes=\"auto, (max-width: 979px) 100vw, 979px\" \/><\/a><\/figure>\n\n\n\n<p class=\"wp-block-paragraph\"><em>Primeras palabras \u2013 Revisando viejos papeles encontr\u00e9 este trabajo, escrito probablemente, hace m\u00e1s de cuarenta a\u00f1os. Lo revis\u00e9, lo reescrib\u00ed, y percib\u00ed un esp\u00edritu que lo envuelve, que creo hoy no se lo encuentra con facilidad en nuestro mundo: la esperanza [<a href=\"#_ftn1\" id=\"_ftnref1\">[1]<\/a>]. Por tal raz\u00f3n, y a modo de prevenci\u00f3n, amigo lector, le se\u00f1alo esta cualidad que lo define desde su t\u00edtulo. Perdone Ud. estas palabras, pero mi edad y mi larga experiencia docente (m\u00e1s de cincuenta a\u00f1os) me habilitan, creo, a se\u00f1alar el esp\u00edritu que sobrevuela sus p\u00e1ginas.<\/em><\/p>\n\n\n\n<hr class=\"wp-block-separator has-alpha-channel-opacity\"\/>\n\n\n\n<p class=\"wp-block-paragraph\"><a href=\"#_ftnref1\" id=\"_ftn1\">[1]<\/a> Sobre el tema le sugiero la lectura, en mi p\u00e1gina <a href=\"http:\/\/www.ricardovicentelopez.com.ar\">www.ricardovicentelopez.com.ar<\/a>. de mi trabajo <em>La esperanza como problema<\/em> para una mayor informaci\u00f3n.<\/p>\n\n\n\n<p class=\"wp-block-paragraph\">Leer el trabajo: <a href=\"https:\/\/ricardovicentelopez.com.ar\/wp-content\/uploads\/2024\/07\/America-es-el-continente-de-la-esperanza.docx\">https:\/\/ricardovicentelopez.com.ar\/wp-content\/uploads\/2024\/07\/America-es-el-continente-de-la-esperanza.docx<\/a><\/p>\n","protected":false},"excerpt":{"rendered":"<p>Ricardo Vicente L\u00f3pez Primeras palabras \u2013 Revisando viejos papeles encontr\u00e9 este trabajo, escrito probablemente, hace m\u00e1s de cuarenta a\u00f1os. Lo revis\u00e9, lo reescrib\u00ed, y percib\u00ed un esp\u00edritu que lo envuelve, que creo hoy no se lo encuentra con facilidad en nuestro mundo: la esperanza [[1]]. Por tal raz\u00f3n, y a modo de prevenci\u00f3n, amigo lector, [&hellip;]<\/p>\n","protected":false},"author":1,"featured_media":0,"parent":2,"menu_order":0,"comment_status":"closed","ping_status":"closed","template":"","meta":{"footnotes":""},"class_list":["post-86465","page","type-page","status-publish","hentry"],"_links":{"self":[{"href":"https:\/\/ricardovicentelopez.com.ar\/index.php?rest_route=\/wp\/v2\/pages\/86465","targetHints":{"allow":["GET"]}}],"collection":[{"href":"https:\/\/ricardovicentelopez.com.ar\/index.php?rest_route=\/wp\/v2\/pages"}],"about":[{"href":"https:\/\/ricardovicentelopez.com.ar\/index.php?rest_route=\/wp\/v2\/types\/page"}],"author":[{"embeddable":true,"href":"https:\/\/ricardovicentelopez.com.ar\/index.php?rest_route=\/wp\/v2\/users\/1"}],"replies":[{"embeddable":true,"href":"https:\/\/ricardovicentelopez.com.ar\/index.php?rest_route=%2Fwp%2Fv2%2Fcomments&post=86465"}],"version-history":[{"count":1,"href":"https:\/\/ricardovicentelopez.com.ar\/index.php?rest_route=\/wp\/v2\/pages\/86465\/revisions"}],"predecessor-version":[{"id":86470,"href":"https:\/\/ricardovicentelopez.com.ar\/index.php?rest_route=\/wp\/v2\/pages\/86465\/revisions\/86470"}],"up":[{"embeddable":true,"href":"https:\/\/ricardovicentelopez.com.ar\/index.php?rest_route=\/wp\/v2\/pages\/2"}],"wp:attachment":[{"href":"https:\/\/ricardovicentelopez.com.ar\/index.php?rest_route=%2Fwp%2Fv2%2Fmedia&parent=86465"}],"curies":[{"name":"wp","href":"https:\/\/api.w.org\/{rel}","templated":true}]}}

América es el continente de la esperanza

<p class="has-medium-font-size wp-block-paragraph"><strong>Ricardo Vicente López</strong></p>



<figure class="wp-block-image size-full"><a href="https://ricardovicentelopez.com.ar/wp-content/uploads/2024/07/image.png"><img loading="lazy" decoding="async" width="979" height="681" src="https://ricardovicentelopez.com.ar/wp-content/uploads/2024/07/image.png" alt="" class="wp-image-86468" srcset="https://ricardovicentelopez.com.ar/wp-content/uploads/2024/07/image.png 979w, https://ricardovicentelopez.com.ar/wp-content/uploads/2024/07/image-300x209.png 300w, https://ricardovicentelopez.com.ar/wp-content/uploads/2024/07/image-768x534.png 768w" sizes="auto, (max-width: 979px) 100vw, 979px" /></a></figure>



<p class="wp-block-paragraph"><em>Primeras palabras – Revisando viejos papeles encontré este trabajo, escrito probablemente, hace más de cuarenta años. Lo revisé, lo reescribí, y percibí un espíritu que lo envuelve, que creo hoy no se lo encuentra con facilidad en nuestro mundo: la esperanza [<a href="#_ftn1" id="_ftnref1">[1]</a>]. Por tal razón, y a modo de prevención, amigo lector, le señalo esta cualidad que lo define desde su título. Perdone Ud. estas palabras, pero mi edad y mi larga experiencia docente (más de cincuenta años) me habilitan, creo, a señalar el espíritu que sobrevuela sus páginas.</em></p>



<hr class="wp-block-separator has-alpha-channel-opacity"/>



<p class="wp-block-paragraph"><a href="#_ftnref1" id="_ftn1">[1]</a> Sobre el tema le sugiero la lectura, en mi página <a href="http://www.ricardovicentelopez.com.ar">www.ricardovicentelopez.com.ar</a>. de mi trabajo <em>La esperanza como problema</em> para una mayor información.</p>



<p class="wp-block-paragraph">Leer el trabajo: <a href="https://ricardovicentelopez.com.ar/wp-content/uploads/2024/07/America-es-el-continente-de-la-esperanza.docx">https://ricardovicentelopez.com.ar/wp-content/uploads/2024/07/America-es-el-continente-de-la-esperanza.docx</a></p>

<p>Ricardo Vicente López Primeras palabras – Revisando viejos papeles encontré este trabajo, escrito probablemente, hace más de cuarenta años. Lo revisé, lo reescribí, y percibí un espíritu que lo envuelve, que creo hoy no se lo encuentra con facilidad en nuestro mundo: la esperanza [[1]]. Por tal razón, y a modo de prevención, amigo lector, [&hellip;]</p>
