{"id":86068,"date":"2020-09-14T13:39:59","date_gmt":"2020-09-14T13:39:59","guid":{"rendered":"http:\/\/ricardovicentelopez.com.ar\/?page_id=86068"},"modified":"2020-09-14T13:39:59","modified_gmt":"2020-09-14T13:39:59","slug":"46-la-importancia-del-concepto-persona-1-parte-iii","status":"publish","type":"page","link":"https:\/\/ricardovicentelopez.com.ar\/?page_id=86068","title":{"rendered":"46- La importancia del concepto persona [1].  Parte III"},"content":{"rendered":"\n<p style=\"text-align:right\" class=\"has-medium-font-size wp-block-paragraph\"><strong>Ricardo Vicente L\u00f3pez<\/strong><\/p>\n\n\n\n<figure class=\"wp-block-image\"><img loading=\"lazy\" decoding=\"async\" width=\"921\" height=\"520\" src=\"https:\/\/ricardovicentelopez.com.ar\/wp-content\/uploads\/2020\/09\/46.png\" alt=\"\" class=\"wp-image-86069\" srcset=\"https:\/\/ricardovicentelopez.com.ar\/wp-content\/uploads\/2020\/09\/46.png 921w, https:\/\/ricardovicentelopez.com.ar\/wp-content\/uploads\/2020\/09\/46-300x169.png 300w, https:\/\/ricardovicentelopez.com.ar\/wp-content\/uploads\/2020\/09\/46-768x434.png 768w\" sizes=\"auto, (max-width: 921px) 100vw, 921px\" \/><\/figure>\n\n\n\n<h4 class=\"wp-block-heading\">6.- <em>La cultura del Occidente moderno <\/em><em><\/em><\/h4>\n\n\n\n<p class=\"wp-block-paragraph\">A\npartir del siglo XVI estalla un desarrollo comercial, al\nque contribuye fundamentalmente el aporte de oro y plata de las colonias\namericanas, esto potenciar\u00e1 el desarrollo del capitalismo. Representaron un\naporte en <em>metales preciosos<\/em>&nbsp; seis veces mayor a las riquezas que toda Europa\nten\u00eda en ese momento. El crecimiento de la econom\u00eda mundial (pensando s\u00f3lo el\nmundo occidental), sostenido por un comercio arrollador con las colonias\nencontr\u00f3 un cuello de botella en el modo de la producci\u00f3n artesanal de\nentonces. La Revoluci\u00f3n industrial inglesa (1750-1800) es la respuesta imperial\nque resolvi\u00f3 y elimin\u00f3 las trabas que hab\u00edan aparecido. La mercantilizaci\u00f3n de\nlas relaciones imperio-colonias dejar\u00e1 de lado la tradici\u00f3n humanista con la\ncual hab\u00eda comenzado a configurarse esta etapa: el <em>Renacimiento<\/em>. <\/p>\n\n\n\n<p class=\"wp-block-paragraph\">Quedan\nestablecidas las bases para el dominio de la <em>cultura burguesa moderna<\/em>:\nel individualismo, el ego\u00edsmo, el af\u00e1n de lucro y la conquista. Occidente\ntomar\u00e1 un nuevo camino que dar\u00e1 paso a una segunda etapa de la Modernidad. La\nsingularidad que adquiere la cultura occidental tendr\u00e1, entonces, el sello que\nle otorga su origen ario (opuesto al semita-cristiano). Con una nueva\nreelaboraci\u00f3n que ir\u00e1 produciendo la burgues\u00eda en el norte de la nueva Europa, potenciar\u00e1\nel nuevo recorrido del capitalismo industrial moderno. El cristianismo, en la\nvertiente dominada por el calvinismo, da lugar a un nuevo modelo antropol\u00f3gico,\nel <em>mercader<\/em>: <\/p>\n\n\n\n<p class=\"wp-block-paragraph\">Es una persona que\ntrata o comercia con diversidades de <em>mercanc\u00edas<\/em>,\nes decir, todo lo producido para ser llevado al mercado&#8230; En el comienzo del\nmundo moderno se coloca entre el <em>productor\nartesanal<\/em> y el <em>consumidor final<\/em>, es\nuna persona entregada con cuerpo y alma a comprar al <em>precio m\u00e1s bajo posible<\/em> y vender al <em>precio mayor que pueda<\/em>, alterando, distorsionando, desfigurando, la\nrelaci\u00f3n directa del mundo medieval comunitario.<\/p>\n\n\n\n<p class=\"wp-block-paragraph\">El aumento de la producci\u00f3n y la riqueza y, consecuentemente, de los medios de producci\u00f3n econ\u00f3micos y financieros, despertaron en el hombre com\u00fan las ansias de mejorar su nivel de vida, tanto tiempo olvidadas. Se comienza a pensar en que era posible mejorar los niveles de vida y que los l\u00edmites medievales, antes sentidos como inviolables, pod\u00edan ser superados. La libertad comercial que este sistema requer\u00eda dej\u00f3 las manos libres para la implementaci\u00f3n de t\u00e9cnicas que permitir\u00edan una mejor penetraci\u00f3n de lo producido en los mercados, ahora mundiales. El ansia de lucro, que desbordaba las normas \u00e9ticas de la sociedad tradicional, arrasa con los criterios de la convivencia comunitaria para imponer las relaciones individualistas de los nuevos c\u00e1nones culturales. Todo ello tuvo como consecuencia un impulso decisivo para la ciencia y sus aplicaciones tecnol\u00f3gicas, potenciando el desarrollo de una sociedad que ya avanzaba hacia la mundializaci\u00f3n y a la colonizaci\u00f3n de la periferia.<\/p>\n\n\n\n<p class=\"wp-block-paragraph\"><\/p>\n\n\n\n<h4 class=\"wp-block-heading\">7.- <em>La ciencia moderna<\/em><\/h4>\n\n\n\n<p class=\"wp-block-paragraph\">La historia de la ciencia\nadquiere una particular manera de pensar e investigar que se aleja de su\npasado. El avasallante empuje de la burgues\u00eda plante\u00f3 nuevos problemas, sobre\ntodo referidos a dominar y transformar la naturaleza para convertirla en mercanc\u00edas.\nA partir del siglo XVII, se conjugaron diversos aportes, como\nel <em>racionalismo cartesiano<\/em>, la <em>matematizaci\u00f3n<\/em> <em>galileana <\/em>&nbsp;y el <em>experimentalismo de laboratorio<\/em>. La <em>revoluci\u00f3n cient\u00edfica<\/em> es un concepto\nusado para explicar el surgimiento de la ciencia durante la Edad moderna temprana.\nSe asocian, principalmente en los siglos XVI y XVII, a las nuevas ideas y\nconocimientos en f\u00edsica, la astronom\u00eda matematizada, la qu\u00edmica, la biolog\u00eda,\netc. Ahora muy rigurosa respecto de la <em>correcta\nutilizaci\u00f3n del m\u00e9todo<\/em>.<\/p>\n\n\n\n<p class=\"wp-block-paragraph\">Todo ello potenci\u00f3 y\nperfeccion\u00f3 la producci\u00f3n de bienes, que le otorgaron a la &nbsp;ciencia la\nposibilidad de sus mejores logros y conquistas. Pero no debe ocultarse, en el\ncamino que nos hemos propuesto: la <em>verdad\nsobre el hombre<\/em>, que todos ellos redujeron el \u00e1mbito del pensamiento al\nmodelo de dominio <em>la naturaleza<\/em>. Ese objeto<em> s\u00ed era pasible de ser sometido por esa\nmetodolog\u00eda<\/em>. El saber sobre <em>lo humano\ndel hombre<\/em> fue remitido a las <em>nebulosas\nmetaf\u00edsicas<\/em>, con algo de desprecio. La Modernidad ha pagado duramente la\npreferencia por este camino del saber. El pensador Domingo Renaudi\u00e8re de Paulis\nha afirmado que la filosof\u00eda, y con ella toda la ciencia que se sustenta en sus\ndefiniciones, ha deambulado sin horizonte claro en la b\u00fasqueda de un saber\nsobre el hombre que viol\u00f3 su condici\u00f3n esencial. Le sugiero, amigo lector,\nprestar una atenci\u00f3n especial al lenguaje de este fil\u00f3sofo:<\/p>\n\n\n\n<p class=\"wp-block-paragraph\">\u00bfCu\u00e1l es la violaci\u00f3n\nesencial? \u00bfCu\u00e1l es ese andar errante y alucinado? Toda la filosof\u00eda moderna,\nhasta nuestros d\u00edas, desde el cartesianismo hasta nosotros deambula vagabunda,\na pesar de su interior y su extra\u00f1a persuasi\u00f3n de rigurosidad, que culmina en\nla exigencia de Husserl de la \u201cfilosof\u00eda como ciencia estricta\u201d. \u00bfD\u00f3nde vemos\nnosotros la esencial violaci\u00f3n del filosofar moderno? Sin m\u00e1s, en la <em>prioridad absoluta del m\u00e9todo sobre el\nfilosofar mismo<\/em>. El m\u00e9todo, como lo que antecede a la evidencia y la\nposesi\u00f3n cierta de los principios, ser\u00e1, en la idea moderna de la filosof\u00eda, el\ncamino previo hacia la evidencia, que finalmente se funda <em>en la duda<\/em>, o en el <em>principio\nde la dubitabilidad absoluta<\/em> puesto por la voluntad del sujeto investigador\n[<a href=\"#_ftn1\">[1]<\/a>].\n<\/p>\n\n\n\n<p class=\"wp-block-paragraph\">La belleza po\u00e9tica debe\npermitirnos profundizar el sentido que nos se\u00f1ala con su cr\u00edtica. El subordinar\nlos <em>principios<\/em> &nbsp;a la prepotencia del <em>m\u00e9todo<\/em> es un elemento m\u00e1s que se agrega a los condicionamientos citados\nanteriormente. Si el m\u00e9todo [<a href=\"#_ftn2\">[2]<\/a>]\nes la fuente de \u201ctoda raz\u00f3n y justicia\u201d, su presencia somete la filosof\u00eda a la\nrigidez de sus imposiciones. Pero se presenta aqu\u00ed la paradoja de que este\nm\u00e9todo est\u00e1 sostenido por la <em>duda\ncartesiana<\/em> que el fil\u00f3sofo franc\u00e9s le impuso a todo lo pensado y escrito\nantes de \u00e9l. Este intento de Descartes de erradicar la carga de errores que,\nseg\u00fan \u00e9l, conten\u00eda la filosof\u00eda anterior, lo resolvi\u00f3 sometiendo todo a la duda\ncorrosiva que se va a esparcir y contamina todo lo que toque. Es esta misma\nduda la que convierte necesariamente todo conocimiento en fr\u00e1gil y vol\u00e1til.\nEsto es valedero para las conclusiones, tanto filos\u00f3ficas, teol\u00f3gicas como\ncient\u00edficas, que entonces son<em> siempre\nprovisionales<\/em>. Esto es especialmente cierto en el \u00e1mbito del saber sobre el\nhombre, terreno en el que lo humano, en su car\u00e1cter de persona \u00fanica e\nirrepetible, no puede ser reducido por un m\u00e9todo r\u00edgido y desp\u00f3tico. <\/p>\n\n\n\n<p class=\"wp-block-paragraph\">Lo humano, en tanto persona,\nexhibe la particularidad de no ser reductible a una universalizaci\u00f3n abstracta\nque niegue la peculiaridad que encierra y el misterio que lo envuelve: la <em>unicidad<\/em> y la <em>irrepetibilidad<\/em>. Y esto es v\u00e1lido tanto para las personas\nindividuales como para los colectivos, <em>los\npueblos<\/em> y <em>sus culturas<\/em>. De all\u00ed\nlas limitaciones de la ciencia moderna para dar una <em>respuesta adecuada, profunda y exhaustiva sobre lo humano<\/em>. Creo que\nahora se pueden comprender mejor las palabras de Renaudi\u00e8re de Paulis, respecto\nde <em>un saber errante que no encuentra\ndestino<\/em>. <\/p>\n\n\n\n<p class=\"wp-block-paragraph\">Todo el conocimiento que la\nciencia moderna ha aportado, en el terreno de las disciplinas sociales \u2500siglo XIX en adelante\u2500, como forma que pasa a adoptar para\neste \u00e1mbito espec\u00edfico, son muy \u00fatiles, en tanto lo tomemos como <em>informaci\u00f3n<\/em>. Pero eso requiere, y esto\nse ha abandonado en gran parte, ser procesada desde una filosof\u00eda cr\u00edtica que\nno deje de lado la defensa de lo peculiar de lo humano. Es decir, partir de una\n<em>antropolog\u00eda filos\u00f3fica<\/em> como\nfundamento de las nuevas ciencias sociales. Recuperando la existencia diferenciada\nde lo humano, sin dejar de ser parte inescindible de la existencia c\u00f3smica. <\/p>\n\n\n\n<p class=\"wp-block-paragraph\">Para ello no debe dejarse\nsubordinar a las rigurosas exigencias metodol\u00f3gicas de la ciencia moderna que\nno dan cabida a los misterios de la vida. Esto incluye la mutilaci\u00f3n conceptual\ncon la cual reduce lo humano a mero cuerpo biol\u00f3gico-ps\u00edquico. Por ello, esa\nmisma informaci\u00f3n, en lo que puede tener de aporte investigativo, deber\u00e1 ser\nrevisada y cribada de los elementos espurios que contenga por el modo de su selecci\u00f3n\ny recolecci\u00f3n. La ciencia social tiene una tarea important\u00edsima en la b\u00fasqueda\nde <em>la verdad sobre el hombre<\/em>, pero\ndeber\u00e1 aceptar convertirse en parte de una investigaci\u00f3n pensada en otro nivel\nde la reflexi\u00f3n. No deber\u00e1 pretender portar una verdad que se desprende s\u00f3lo de\nsu propio saber, sino subordinarse a los fundamentos de una filosof\u00eda\nexplicitada en ella que la contenga.<br><\/p>\n\n\n\n<hr class=\"wp-block-separator\"\/>\n\n\n\n<p class=\"wp-block-paragraph\"><a href=\"#_ftnref1\">[1]<\/a> <em>El M\u00e9todo y la Falsa Fundaci\u00f3n de la Filosof\u00eda<\/em> en Actas del II\nCongreso de Filosof\u00eda,<em> Sudamericana<\/em>,\n1973.<\/p>\n\n\n\n<p class=\"wp-block-paragraph\"><a href=\"#_ftnref2\">[2]<\/a> El pensamiento\nde Renato Descartes lo desarrolla en su libro <em>El Discurso del M\u00e9todo<\/em> (1637), all\u00ed plantea los fundamentos de la\nrevoluci\u00f3n filos\u00f3fica que propone.<\/p>\n","protected":false},"excerpt":{"rendered":"<p>Ricardo Vicente L\u00f3pez 6.- La cultura del Occidente moderno A partir del siglo XVI estalla un desarrollo comercial, al que contribuye fundamentalmente el aporte de oro y plata de las colonias americanas, esto potenciar\u00e1 el desarrollo del capitalismo. Representaron un aporte en metales preciosos&nbsp; seis veces mayor a las riquezas que toda Europa ten\u00eda en [&hellip;]<\/p>\n","protected":false},"author":1,"featured_media":0,"parent":85644,"menu_order":0,"comment_status":"closed","ping_status":"closed","template":"","meta":{"footnotes":""},"class_list":["post-86068","page","type-page","status-publish","hentry"],"_links":{"self":[{"href":"https:\/\/ricardovicentelopez.com.ar\/index.php?rest_route=\/wp\/v2\/pages\/86068","targetHints":{"allow":["GET"]}}],"collection":[{"href":"https:\/\/ricardovicentelopez.com.ar\/index.php?rest_route=\/wp\/v2\/pages"}],"about":[{"href":"https:\/\/ricardovicentelopez.com.ar\/index.php?rest_route=\/wp\/v2\/types\/page"}],"author":[{"embeddable":true,"href":"https:\/\/ricardovicentelopez.com.ar\/index.php?rest_route=\/wp\/v2\/users\/1"}],"replies":[{"embeddable":true,"href":"https:\/\/ricardovicentelopez.com.ar\/index.php?rest_route=%2Fwp%2Fv2%2Fcomments&post=86068"}],"version-history":[{"count":1,"href":"https:\/\/ricardovicentelopez.com.ar\/index.php?rest_route=\/wp\/v2\/pages\/86068\/revisions"}],"predecessor-version":[{"id":86070,"href":"https:\/\/ricardovicentelopez.com.ar\/index.php?rest_route=\/wp\/v2\/pages\/86068\/revisions\/86070"}],"up":[{"embeddable":true,"href":"https:\/\/ricardovicentelopez.com.ar\/index.php?rest_route=\/wp\/v2\/pages\/85644"}],"wp:attachment":[{"href":"https:\/\/ricardovicentelopez.com.ar\/index.php?rest_route=%2Fwp%2Fv2%2Fmedia&parent=86068"}],"curies":[{"name":"wp","href":"https:\/\/api.w.org\/{rel}","templated":true}]}}

<p style="text-align:right" class="has-medium-font-size wp-block-paragraph"><strong>Ricardo Vicente López</strong></p>



<figure class="wp-block-image"><img loading="lazy" decoding="async" width="921" height="520" src="https://ricardovicentelopez.com.ar/wp-content/uploads/2020/09/46.png" alt="" class="wp-image-86069" srcset="https://ricardovicentelopez.com.ar/wp-content/uploads/2020/09/46.png 921w, https://ricardovicentelopez.com.ar/wp-content/uploads/2020/09/46-300x169.png 300w, https://ricardovicentelopez.com.ar/wp-content/uploads/2020/09/46-768x434.png 768w" sizes="auto, (max-width: 921px) 100vw, 921px" /></figure>



<h4 class="wp-block-heading">6.- <em>La cultura del Occidente moderno </em><em></em></h4>



<p class="wp-block-paragraph">A
partir del siglo XVI estalla un desarrollo comercial, al
que contribuye fundamentalmente el aporte de oro y plata de las colonias
americanas, esto potenciará el desarrollo del capitalismo. Representaron un
aporte en <em>metales preciosos</em>&nbsp; seis veces mayor a las riquezas que toda Europa
tenía en ese momento. El crecimiento de la economía mundial (pensando sólo el
mundo occidental), sostenido por un comercio arrollador con las colonias
encontró un cuello de botella en el modo de la producción artesanal de
entonces. La Revolución industrial inglesa (1750-1800) es la respuesta imperial
que resolvió y eliminó las trabas que habían aparecido. La mercantilización de
las relaciones imperio-colonias dejará de lado la tradición humanista con la
cual había comenzado a configurarse esta etapa: el <em>Renacimiento</em>. </p>



<p class="wp-block-paragraph">Quedan
establecidas las bases para el dominio de la <em>cultura burguesa moderna</em>:
el individualismo, el egoísmo, el afán de lucro y la conquista. Occidente
tomará un nuevo camino que dará paso a una segunda etapa de la Modernidad. La
singularidad que adquiere la cultura occidental tendrá, entonces, el sello que
le otorga su origen ario (opuesto al semita-cristiano). Con una nueva
reelaboración que irá produciendo la burguesía en el norte de la nueva Europa, potenciará
el nuevo recorrido del capitalismo industrial moderno. El cristianismo, en la
vertiente dominada por el calvinismo, da lugar a un nuevo modelo antropológico,
el <em>mercader</em>: </p>



<p class="wp-block-paragraph">Es una persona que
trata o comercia con diversidades de <em>mercancías</em>,
es decir, todo lo producido para ser llevado al mercado&#8230; En el comienzo del
mundo moderno se coloca entre el <em>productor
artesanal</em> y el <em>consumidor final</em>, es
una persona entregada con cuerpo y alma a comprar al <em>precio más bajo posible</em> y vender al <em>precio mayor que pueda</em>, alterando, distorsionando, desfigurando, la
relación directa del mundo medieval comunitario.</p>



<p class="wp-block-paragraph">El aumento de la producción y la riqueza y, consecuentemente, de los medios de producción económicos y financieros, despertaron en el hombre común las ansias de mejorar su nivel de vida, tanto tiempo olvidadas. Se comienza a pensar en que era posible mejorar los niveles de vida y que los límites medievales, antes sentidos como inviolables, podían ser superados. La libertad comercial que este sistema requería dejó las manos libres para la implementación de técnicas que permitirían una mejor penetración de lo producido en los mercados, ahora mundiales. El ansia de lucro, que desbordaba las normas éticas de la sociedad tradicional, arrasa con los criterios de la convivencia comunitaria para imponer las relaciones individualistas de los nuevos cánones culturales. Todo ello tuvo como consecuencia un impulso decisivo para la ciencia y sus aplicaciones tecnológicas, potenciando el desarrollo de una sociedad que ya avanzaba hacia la mundialización y a la colonización de la periferia.</p>



<p class="wp-block-paragraph"></p>



<h4 class="wp-block-heading">7.- <em>La ciencia moderna</em></h4>



<p class="wp-block-paragraph">La historia de la ciencia
adquiere una particular manera de pensar e investigar que se aleja de su
pasado. El avasallante empuje de la burguesía planteó nuevos problemas, sobre
todo referidos a dominar y transformar la naturaleza para convertirla en mercancías.
A partir del siglo XVII, se conjugaron diversos aportes, como
el <em>racionalismo cartesiano</em>, la <em>matematización</em> <em>galileana </em>&nbsp;y el <em>experimentalismo de laboratorio</em>. La <em>revolución científica</em> es un concepto
usado para explicar el surgimiento de la ciencia durante la Edad moderna temprana.
Se asocian, principalmente en los siglos XVI y XVII, a las nuevas ideas y
conocimientos en física, la astronomía matematizada, la química, la biología,
etc. Ahora muy rigurosa respecto de la <em>correcta
utilización del método</em>.</p>



<p class="wp-block-paragraph">Todo ello potenció y
perfeccionó la producción de bienes, que le otorgaron a la &nbsp;ciencia la
posibilidad de sus mejores logros y conquistas. Pero no debe ocultarse, en el
camino que nos hemos propuesto: la <em>verdad
sobre el hombre</em>, que todos ellos redujeron el ámbito del pensamiento al
modelo de dominio <em>la naturaleza</em>. Ese objeto<em> sí era pasible de ser sometido por esa
metodología</em>. El saber sobre <em>lo humano
del hombre</em> fue remitido a las <em>nebulosas
metafísicas</em>, con algo de desprecio. La Modernidad ha pagado duramente la
preferencia por este camino del saber. El pensador Domingo Renaudière de Paulis
ha afirmado que la filosofía, y con ella toda la ciencia que se sustenta en sus
definiciones, ha deambulado sin horizonte claro en la búsqueda de un saber
sobre el hombre que violó su condición esencial. Le sugiero, amigo lector,
prestar una atención especial al lenguaje de este filósofo:</p>



<p class="wp-block-paragraph">¿Cuál es la violación
esencial? ¿Cuál es ese andar errante y alucinado? Toda la filosofía moderna,
hasta nuestros días, desde el cartesianismo hasta nosotros deambula vagabunda,
a pesar de su interior y su extraña persuasión de rigurosidad, que culmina en
la exigencia de Husserl de la “filosofía como ciencia estricta”. ¿Dónde vemos
nosotros la esencial violación del filosofar moderno? Sin más, en la <em>prioridad absoluta del método sobre el
filosofar mismo</em>. El método, como lo que antecede a la evidencia y la
posesión cierta de los principios, será, en la idea moderna de la filosofía, el
camino previo hacia la evidencia, que finalmente se funda <em>en la duda</em>, o en el <em>principio
de la dubitabilidad absoluta</em> puesto por la voluntad del sujeto investigador
[<a href="#_ftn1">[1]</a>].
</p>



<p class="wp-block-paragraph">La belleza poética debe
permitirnos profundizar el sentido que nos señala con su crítica. El subordinar
los <em>principios</em> &nbsp;a la prepotencia del <em>método</em> es un elemento más que se agrega a los condicionamientos citados
anteriormente. Si el método [<a href="#_ftn2">[2]</a>]
es la fuente de “toda razón y justicia”, su presencia somete la filosofía a la
rigidez de sus imposiciones. Pero se presenta aquí la paradoja de que este
método está sostenido por la <em>duda
cartesiana</em> que el filósofo francés le impuso a todo lo pensado y escrito
antes de él. Este intento de Descartes de erradicar la carga de errores que,
según él, contenía la filosofía anterior, lo resolvió sometiendo todo a la duda
corrosiva que se va a esparcir y contamina todo lo que toque. Es esta misma
duda la que convierte necesariamente todo conocimiento en frágil y volátil.
Esto es valedero para las conclusiones, tanto filosóficas, teológicas como
científicas, que entonces son<em> siempre
provisionales</em>. Esto es especialmente cierto en el ámbito del saber sobre el
hombre, terreno en el que lo humano, en su carácter de persona única e
irrepetible, no puede ser reducido por un método rígido y despótico. </p>



<p class="wp-block-paragraph">Lo humano, en tanto persona,
exhibe la particularidad de no ser reductible a una universalización abstracta
que niegue la peculiaridad que encierra y el misterio que lo envuelve: la <em>unicidad</em> y la <em>irrepetibilidad</em>. Y esto es válido tanto para las personas
individuales como para los colectivos, <em>los
pueblos</em> y <em>sus culturas</em>. De allí
las limitaciones de la ciencia moderna para dar una <em>respuesta adecuada, profunda y exhaustiva sobre lo humano</em>. Creo que
ahora se pueden comprender mejor las palabras de Renaudière de Paulis, respecto
de <em>un saber errante que no encuentra
destino</em>. </p>



<p class="wp-block-paragraph">Todo el conocimiento que la
ciencia moderna ha aportado, en el terreno de las disciplinas sociales ─siglo XIX en adelante─, como forma que pasa a adoptar para
este ámbito específico, son muy útiles, en tanto lo tomemos como <em>información</em>. Pero eso requiere, y esto
se ha abandonado en gran parte, ser procesada desde una filosofía crítica que
no deje de lado la defensa de lo peculiar de lo humano. Es decir, partir de una
<em>antropología filosófica</em> como
fundamento de las nuevas ciencias sociales. Recuperando la existencia diferenciada
de lo humano, sin dejar de ser parte inescindible de la existencia cósmica. </p>



<p class="wp-block-paragraph">Para ello no debe dejarse
subordinar a las rigurosas exigencias metodológicas de la ciencia moderna que
no dan cabida a los misterios de la vida. Esto incluye la mutilación conceptual
con la cual reduce lo humano a mero cuerpo biológico-psíquico. Por ello, esa
misma información, en lo que puede tener de aporte investigativo, deberá ser
revisada y cribada de los elementos espurios que contenga por el modo de su selección
y recolección. La ciencia social tiene una tarea importantísima en la búsqueda
de <em>la verdad sobre el hombre</em>, pero
deberá aceptar convertirse en parte de una investigación pensada en otro nivel
de la reflexión. No deberá pretender portar una verdad que se desprende sólo de
su propio saber, sino subordinarse a los fundamentos de una filosofía
explicitada en ella que la contenga.<br></p>



<hr class="wp-block-separator"/>



<p class="wp-block-paragraph"><a href="#_ftnref1">[1]</a> <em>El Método y la Falsa Fundación de la Filosofía</em> en Actas del II
Congreso de Filosofía,<em> Sudamericana</em>,
1973.</p>



<p class="wp-block-paragraph"><a href="#_ftnref2">[2]</a> El pensamiento
de Renato Descartes lo desarrolla en su libro <em>El Discurso del Método</em> (1637), allí plantea los fundamentos de la
revolución filosófica que propone.</p>

<p>Ricardo Vicente López 6.- La cultura del Occidente moderno A partir del siglo XVI estalla un desarrollo comercial, al que contribuye fundamentalmente el aporte de oro y plata de las colonias americanas, esto potenciará el desarrollo del capitalismo. Representaron un aporte en metales preciosos&nbsp; seis veces mayor a las riquezas que toda Europa tenía en [&hellip;]</p>
