{"id":85901,"date":"2020-09-08T13:57:37","date_gmt":"2020-09-08T13:57:37","guid":{"rendered":"http:\/\/ricardovicentelopez.com.ar\/?page_id=85901"},"modified":"2020-09-08T13:57:37","modified_gmt":"2020-09-08T13:57:37","slug":"29-el-liberalismo-de-los-padres-fundadores-de-los-eeuu","status":"publish","type":"page","link":"https:\/\/ricardovicentelopez.com.ar\/?page_id=85901","title":{"rendered":"29- El liberalismo de los Padres Fundadores de los EEUU"},"content":{"rendered":"\n<p style=\"text-align:right\" class=\"has-medium-font-size wp-block-paragraph\"><strong>Ricardo Vicente L\u00f3pez<\/strong><\/p>\n\n\n\n<figure class=\"wp-block-image\"><img loading=\"lazy\" decoding=\"async\" width=\"626\" height=\"423\" src=\"https:\/\/ricardovicentelopez.com.ar\/wp-content\/uploads\/2020\/09\/29.png\" alt=\"\" class=\"wp-image-85902\" srcset=\"https:\/\/ricardovicentelopez.com.ar\/wp-content\/uploads\/2020\/09\/29.png 626w, https:\/\/ricardovicentelopez.com.ar\/wp-content\/uploads\/2020\/09\/29-300x203.png 300w\" sizes=\"auto, (max-width: 626px) 100vw, 626px\" \/><\/figure>\n\n\n\n<p class=\"wp-block-paragraph\">Para entender a los liberales del pa\u00eds\ndel Norte y su modo de pensar la pol\u00edtica a principios del siglo XX es\nnecesario volver a esa fecha hist\u00f3rica en la se proclam\u00f3 la primera\nConstituci\u00f3n \u201crepublicana\u201d de Occidente, el 17 de septiembre de 1787. Es necesario\nenfatizar lo de <em>republicana<\/em> porque\ns\u00f3lo eso fue. El <em>concepto de democracia<\/em>,\ntal como apareci\u00f3 con Lincoln casi un siglo despu\u00e9s: \u00abGobierno del pueblo, por\nel pueblo y para el pueblo\u00bb, generaba profundos temores. <em>La experiencia de la Francia revolucionaria espantaba a esos liberales<\/em>.\nUn dato revelador es que la palabra democracia no aparece escrita en ninguna\nparte del texto original de la Constituci\u00f3n.<\/p>\n\n\n\n<p class=\"wp-block-paragraph\">Deteng\u00e1monos en las alternativas y\ncircunstancias que dieron a luz ese texto. Un dato poco conocido nos aporta el\nprofesor Roberto Gargarella [<a href=\"#_ftn1\">[1]<\/a>]: <\/p>\n\n\n\n<p class=\"wp-block-paragraph\">Notablemente, cabe recordarlo, la\nConvenci\u00f3n norteamericana, a diferencia de las Convenciones Constitucionales que\nse llevaron adelante en Francia, \u00e9sta se celebr\u00f3 a puertas cerradas inmediatamente\ndespu\u00e9s de la &nbsp;revoluci\u00f3n. De all\u00ed que\nlos convencionales expresaran con absoluta franqueza (a veces, dir\u00eda, con\nasombrosa franqueza) por qu\u00e9 defend\u00edan los arreglos institucionales que\ndefend\u00edan.<\/p>\n\n\n\n<p class=\"wp-block-paragraph\">El remarcado anterior de la palabra\n\u201crepublicana\u201d se debe a la necesidad de entender que fue una constituci\u00f3n\npensada para contraponerse al Imperio brit\u00e1nico, su conquistador, y concebida\npara&nbsp; liberarse de \u00e9l. Pero adem\u00e1s,\ntambi\u00e9n estaban fuertemente impresionados por el desborde de la \u201cchusma\nparisina\u201d lo que aclara el sentido de lo que \u00abse quer\u00eda evitar para el futuro\u00bb.\n\u00bfC\u00f3mo se resolvi\u00f3 esta \u201cdificultad\u201d? Nos responde el profesor: <\/p>\n\n\n\n<p class=\"wp-block-paragraph\">La propuesta federalista de reorganizar\nel sistema institucional apareci\u00f3 entonces como imposible de eludir: dado el\ngrave riesgo creado por la existencia de las facciones, y <em>dada la imposibilidad de eliminarlas<\/em>, la \u00fanica alternativa\ndisponible era la de organizar las instituciones de modo tal de hacerlas\nresistentes frente a ellas, de modo tal de evitar que el sistema de gobierno\nquedase exclusivamente en manos de alguno de los diferentes grupos en que se\ndivid\u00eda la sociedad\u00bb. N\u00f3tese, una vez m\u00e1s, lo despiadado de la expresi\u00f3n \u201cla\nimposibilidad de eliminarlas\u201d.<\/p>\n\n\n\n<p class=\"wp-block-paragraph\">Nos encontramos frente a un n\u00facleo de\npensamiento que, me atrever\u00eda a decir, es casi impenetrable en el liberalismo\ndel siglo XIX: homologar democracia y constituci\u00f3n como pareciera indicarlo la\nhistoria de <em>la Revoluci\u00f3n gloriosa\ninglesa<\/em> (1688) y la tradici\u00f3n comenzada por la <em>Declaraci\u00f3n Brit\u00e1nica<\/em> <em>de\nDerechos <\/em>de 1689, que tuvo a John Locke&nbsp;\n(1632-1704) como ide\u00f3logo. <\/p>\n\n\n\n<p class=\"wp-block-paragraph\">El Dr. Gerardo Pisarello [<a href=\"#_ftn2\">[2]<\/a>],\nensayista especializado en Derecho constitucional, propone un an\u00e1lisis muy \u00fatil\ny esclarecedor: <\/p>\n\n\n\n<p class=\"wp-block-paragraph\">El constitucionalismo es un instrumento\nde organizaci\u00f3n del poder. <em>Pensar que\ndebe estar necesariamente al servicio de la democracia es un error<\/em>. Ya los\nantiguos, con Arist\u00f3teles a la cabeza, entendieron que la constituci\u00f3n material\nde una sociedad pod\u00eda ser democr\u00e1tica o antidemocr\u00e1tica. Esta tensi\u00f3n atraviesa\nel constitucionalismo moderno. El caso de EEUU, por ejemplo, naci\u00f3 en buena\nmedida <em>como un dispositivo para frenar\nlas presiones democratizadoras generadas por el movimiento independentista<\/em>.\nEn Europa, el constitucionalismo termidoriano, primero, y el liberal despu\u00e9s,\ntambi\u00e9n <em>procuraron proteger la gran\npropiedad y contener los reclamos de las mayor\u00edas populares<\/em>. Y en esa\ntradici\u00f3n liberal antidemocr\u00e1tica habr\u00eda que situar, tambi\u00e9n, el\nconstitucionalismo impulsado por el <em>Consenso\nde Washington<\/em>, en la d\u00e9cada de los 90\u2019 del siglo pasado.<\/p>\n\n\n\n<p class=\"wp-block-paragraph\">La presencia de esos temores se\nconvirti\u00f3 en tradici\u00f3n en la clase dirigente de los EEUU y revirti\u00f3 en la\nteor\u00eda de la necesidad de una elite ilustrada que se hiciera cargo de la Rep\u00fablica,\nla \u201ccosa p\u00fablica\u201d, muy lejos de ser democr\u00e1tica como se entendi\u00f3 en Francia.\nDice el Profesor Noam Chomsky: <\/p>\n\n\n\n<p class=\"wp-block-paragraph\">Esta teor\u00eda sostiene que solo una \u00e9lite\nreducida \u2014la comunidad intelectual de que hablaban los seguidores de John Dewey\n(1859-1942)\u2014 puede entender cu\u00e1les son aquellos intereses comunes, qu\u00e9 es lo\nque nos conviene a todos, as\u00ed como el hecho de que estas cosas escapan a la\ngente en general. <\/p>\n\n\n\n<p class=\"wp-block-paragraph\">La fina iron\u00eda de Chomsky, rayana en lo\nburlesco, lo lleva a hacer una comparaci\u00f3n muy inteligente pero chocante para\nquien est\u00e9 desprevenido: <\/p>\n\n\n\n<p class=\"wp-block-paragraph\">En realidad, este enfoque que se\nremonta a cientos de a\u00f1os atr\u00e1s, es tambi\u00e9n <em>un\nplanteamiento t\u00edpicamente leninista<\/em>, de modo que existe una gran semejanza\ncon la idea de que una vanguardia de intelectuales revolucionarios toma el\npoder mediante revoluciones populares que les proporcionan la fuerza necesaria\npara ello, para conducir despu\u00e9s a las <em>masas\nest\u00fapidas<\/em> a un futuro en el que estas <em>son\ndemasiado ineptas e incompetentes para imaginar y prever nada por s\u00ed mismas<\/em>.\n<\/p>\n\n\n\n<p class=\"wp-block-paragraph\">Si bien hay bastante de exageraci\u00f3n, no\nest\u00e1 lejos de la realidad tal comparaci\u00f3n cuando recordamos la experiencia\nsovi\u00e9tica, con su Nomenklatura y pensamos en el establishment estadounidense,\nlas diferencias nos son tantas. Agrega Chomsky: <\/p>\n\n\n\n<p class=\"wp-block-paragraph\">Es as\u00ed que la teor\u00eda democr\u00e1tica\nliberal y el marxismo-leninismo se encuentran muy cerca en sus supuestos\nideol\u00f3gicos. En mi opini\u00f3n, esta es una de las razones por las que los\nindividuos, a lo largo del tiempo, han observado que era realmente f\u00e1cil pasar de\nuna posici\u00f3n a otra sin experimentar ninguna sensaci\u00f3n espec\u00edfica de cambio.\nSolo es cuesti\u00f3n de ver d\u00f3nde est\u00e1 el poder. Hay incluso un principio moral del\ntodo convincente: <em>la gente es simplemente\ndemasiado est\u00fapida para comprender las cosas<\/em>. <\/p>\n\n\n\n<p class=\"wp-block-paragraph\">Esta convicci\u00f3n elitista, <em>aristocr\u00e1tica<\/em> en el peor sentido de la\npalabra, lejos de la idea aristot\u00e9lica del \u201cgobierno de los mejores\u201d, ha\nllegado hasta nuestros d\u00edas, aunque hoy no pueda hablarse con la franqueza\nde&nbsp; la que hac\u00edan gala aquellos <em>Padres Fundadores<\/em>, para decir lo que\nrealmente pensaban.<\/p>\n\n\n\n<p class=\"wp-block-paragraph\">Entra ahora en escena un personaje ya\ncitado en otras notas: Walter Lippmann. Como hombre de <em>fe&nbsp; liberal<\/em>, aunque la idea\nque hoy se tiene de un liberal no encaje en este modelo, propuso su tesis de \u201c<em>una revoluci\u00f3n en el arte de la democracia<\/em>\u201d.\nEsta revoluci\u00f3n part\u00eda de algunas premisas muy interesantes de revisar, porque\nvuelve a aparecer el tema de la \u201cfranqueza\u201d. La idea central parte de la\nconvicci\u00f3n de que el p\u00fablico \u00abno sabe pensar y que no es prudente abandonarlo\nen sus ideas\u00bb. Por eso afirmaba Lippmann: &nbsp;<\/p>\n\n\n\n<p class=\"wp-block-paragraph\">Que ello era no solo una buena idea\nsino tambi\u00e9n necesaria, debido a que los intereses comunes esquivan totalmente\na la opini\u00f3n p\u00fablica y solo una clase especializada de hombres responsables lo\nbastante inteligentes puede comprenderlos y resolver los problemas que de ellos\nse derivan. <\/p>\n\n\n\n<p class=\"wp-block-paragraph\">Puede Ud. sorprenderse, amigo al lector,\nsi no ha incursionado en estos temas, que aparezca semejante afirmaci\u00f3n como\nm\u00e9todo de la democracia. Sin embargo, estas ideas sostienen el <em>concepto de democracia que siempre manej\u00f3 la\nclase pol\u00edtica estadounidense<\/em>, raz\u00f3n por la cual prestaron siempre un\nfuerte apoyo al desarrollo de los grandes medios para <em>informar (<\/em>o<em> \u00a1\u00a1manipular!) la\nopini\u00f3n del ciudadano de a pie<\/em>. Avanza sobre el tema Chomsky: <\/p>\n\n\n\n<p class=\"wp-block-paragraph\">Lippmann respald\u00f3 todo esto con una\nteor\u00eda bastante elaborada sobre la <em>democracia\nprogresiva<\/em>, seg\u00fan la cual, en <em>una\ndemocracia con un funcionamiento adecuado, hay distintas clases de ciudadanos<\/em>.\nEn primer lugar, los ciudadanos que asumen alg\u00fan papel activo en cuestiones\ngenerales relativas al gobierno y la administraci\u00f3n: es <em>la clase especializada<\/em>, formada por personas que analizan, toman\ndecisiones, ejecutan, controlan y dirigen los procesos que se dan en los\nsistemas ideol\u00f3gicos, econ\u00f3micos y pol\u00edticos, y que constituyen, asimismo, <em>un porcentaje peque\u00f1o de la poblaci\u00f3n total<\/em>.\n<\/p>\n\n\n\n<p class=\"wp-block-paragraph\">La masa de los ciudadanos restantes\ndeben ser siempre meros <em>espectadores<\/em>,\neducados mediante los mensajes de los medios de informaci\u00f3n, para concurrir el\nd\u00eda de la elecci\u00f3n a optar por <em>uno de los\ndos candidatos<\/em> que el <em>establishment\nha propuesto<\/em>. Para una comprensi\u00f3n m\u00e1s profunda y detallada deber\u00e9 a\nproponer, en otra nota, una lectura con m\u00e1s an\u00e1lisis del pensamiento de Walter\nLippmann. &nbsp;&nbsp;&nbsp;&nbsp;&nbsp; <br><\/p>\n\n\n\n<hr class=\"wp-block-separator\"\/>\n\n\n\n<p class=\"wp-block-paragraph\"><a href=\"#_ftnref1\">[1]<\/a> Abogado\ny soci\u00f3logo de la Universidad de Buenos Aires y Doctor en Derecho de la misma\nuniversidad y de la Universidad de Chicago (EE.UU.), con estudios\npost-doctorales en el Balliol College de la Universidad de Oxford (Reino\nUnido). Profesor de Teor\u00eda Constitucional y Filosof\u00eda Pol\u00edtica en la\nUniversidad Torcuato Di Tella y de Derecho Constitucional en la Universidad de\nBuenos Aires.<\/p>\n\n\n\n<p class=\"wp-block-paragraph\"><a href=\"#_ftnref2\">[2]<\/a> Pol\u00edtico y jurista\nhispano-argentino, doctorado en la Universidad Complutense de Madrid; Profesor\nTitular de Derecho Constitucional de la Universidad de Barcelona; accedi\u00f3 a\ncargos pol\u00edticos: Concejal del Ayuntamiento de Barcelona; Diputado de Barcelona\nen el Congreso de los Diputados.<\/p>\n","protected":false},"excerpt":{"rendered":"<p>Ricardo Vicente L\u00f3pez Para entender a los liberales del pa\u00eds del Norte y su modo de pensar la pol\u00edtica a principios del siglo XX es necesario volver a esa fecha hist\u00f3rica en la se proclam\u00f3 la primera Constituci\u00f3n \u201crepublicana\u201d de Occidente, el 17 de septiembre de 1787. Es necesario enfatizar lo de republicana porque s\u00f3lo [&hellip;]<\/p>\n","protected":false},"author":1,"featured_media":0,"parent":85644,"menu_order":0,"comment_status":"closed","ping_status":"closed","template":"","meta":{"footnotes":""},"class_list":["post-85901","page","type-page","status-publish","hentry"],"_links":{"self":[{"href":"https:\/\/ricardovicentelopez.com.ar\/index.php?rest_route=\/wp\/v2\/pages\/85901","targetHints":{"allow":["GET"]}}],"collection":[{"href":"https:\/\/ricardovicentelopez.com.ar\/index.php?rest_route=\/wp\/v2\/pages"}],"about":[{"href":"https:\/\/ricardovicentelopez.com.ar\/index.php?rest_route=\/wp\/v2\/types\/page"}],"author":[{"embeddable":true,"href":"https:\/\/ricardovicentelopez.com.ar\/index.php?rest_route=\/wp\/v2\/users\/1"}],"replies":[{"embeddable":true,"href":"https:\/\/ricardovicentelopez.com.ar\/index.php?rest_route=%2Fwp%2Fv2%2Fcomments&post=85901"}],"version-history":[{"count":1,"href":"https:\/\/ricardovicentelopez.com.ar\/index.php?rest_route=\/wp\/v2\/pages\/85901\/revisions"}],"predecessor-version":[{"id":85903,"href":"https:\/\/ricardovicentelopez.com.ar\/index.php?rest_route=\/wp\/v2\/pages\/85901\/revisions\/85903"}],"up":[{"embeddable":true,"href":"https:\/\/ricardovicentelopez.com.ar\/index.php?rest_route=\/wp\/v2\/pages\/85644"}],"wp:attachment":[{"href":"https:\/\/ricardovicentelopez.com.ar\/index.php?rest_route=%2Fwp%2Fv2%2Fmedia&parent=85901"}],"curies":[{"name":"wp","href":"https:\/\/api.w.org\/{rel}","templated":true}]}}

<p style="text-align:right" class="has-medium-font-size wp-block-paragraph"><strong>Ricardo Vicente López</strong></p>



<figure class="wp-block-image"><img loading="lazy" decoding="async" width="626" height="423" src="https://ricardovicentelopez.com.ar/wp-content/uploads/2020/09/29.png" alt="" class="wp-image-85902" srcset="https://ricardovicentelopez.com.ar/wp-content/uploads/2020/09/29.png 626w, https://ricardovicentelopez.com.ar/wp-content/uploads/2020/09/29-300x203.png 300w" sizes="auto, (max-width: 626px) 100vw, 626px" /></figure>



<p class="wp-block-paragraph">Para entender a los liberales del país
del Norte y su modo de pensar la política a principios del siglo XX es
necesario volver a esa fecha histórica en la se proclamó la primera
Constitución “republicana” de Occidente, el 17 de septiembre de 1787. Es necesario
enfatizar lo de <em>republicana</em> porque
sólo eso fue. El <em>concepto de democracia</em>,
tal como apareció con Lincoln casi un siglo después: «Gobierno del pueblo, por
el pueblo y para el pueblo», generaba profundos temores. <em>La experiencia de la Francia revolucionaria espantaba a esos liberales</em>.
Un dato revelador es que la palabra democracia no aparece escrita en ninguna
parte del texto original de la Constitución.</p>



<p class="wp-block-paragraph">Detengámonos en las alternativas y
circunstancias que dieron a luz ese texto. Un dato poco conocido nos aporta el
profesor Roberto Gargarella [<a href="#_ftn1">[1]</a>]: </p>



<p class="wp-block-paragraph">Notablemente, cabe recordarlo, la
Convención norteamericana, a diferencia de las Convenciones Constitucionales que
se llevaron adelante en Francia, ésta se celebró a puertas cerradas inmediatamente
después de la &nbsp;revolución. De allí que
los convencionales expresaran con absoluta franqueza (a veces, diría, con
asombrosa franqueza) por qué defendían los arreglos institucionales que
defendían.</p>



<p class="wp-block-paragraph">El remarcado anterior de la palabra
“republicana” se debe a la necesidad de entender que fue una constitución
pensada para contraponerse al Imperio británico, su conquistador, y concebida
para&nbsp; liberarse de él. Pero además,
también estaban fuertemente impresionados por el desborde de la “chusma
parisina” lo que aclara el sentido de lo que «se quería evitar para el futuro».
¿Cómo se resolvió esta “dificultad”? Nos responde el profesor: </p>



<p class="wp-block-paragraph">La propuesta federalista de reorganizar
el sistema institucional apareció entonces como imposible de eludir: dado el
grave riesgo creado por la existencia de las facciones, y <em>dada la imposibilidad de eliminarlas</em>, la única alternativa
disponible era la de organizar las instituciones de modo tal de hacerlas
resistentes frente a ellas, de modo tal de evitar que el sistema de gobierno
quedase exclusivamente en manos de alguno de los diferentes grupos en que se
dividía la sociedad». Nótese, una vez más, lo despiadado de la expresión “la
imposibilidad de eliminarlas”.</p>



<p class="wp-block-paragraph">Nos encontramos frente a un núcleo de
pensamiento que, me atrevería a decir, es casi impenetrable en el liberalismo
del siglo XIX: homologar democracia y constitución como pareciera indicarlo la
historia de <em>la Revolución gloriosa
inglesa</em> (1688) y la tradición comenzada por la <em>Declaración Británica</em> <em>de
Derechos </em>de 1689, que tuvo a John Locke&nbsp;
(1632-1704) como ideólogo. </p>



<p class="wp-block-paragraph">El Dr. Gerardo Pisarello [<a href="#_ftn2">[2]</a>],
ensayista especializado en Derecho constitucional, propone un análisis muy útil
y esclarecedor: </p>



<p class="wp-block-paragraph">El constitucionalismo es un instrumento
de organización del poder. <em>Pensar que
debe estar necesariamente al servicio de la democracia es un error</em>. Ya los
antiguos, con Aristóteles a la cabeza, entendieron que la constitución material
de una sociedad podía ser democrática o antidemocrática. Esta tensión atraviesa
el constitucionalismo moderno. El caso de EEUU, por ejemplo, nació en buena
medida <em>como un dispositivo para frenar
las presiones democratizadoras generadas por el movimiento independentista</em>.
En Europa, el constitucionalismo termidoriano, primero, y el liberal después,
también <em>procuraron proteger la gran
propiedad y contener los reclamos de las mayorías populares</em>. Y en esa
tradición liberal antidemocrática habría que situar, también, el
constitucionalismo impulsado por el <em>Consenso
de Washington</em>, en la década de los 90’ del siglo pasado.</p>



<p class="wp-block-paragraph">La presencia de esos temores se
convirtió en tradición en la clase dirigente de los EEUU y revirtió en la
teoría de la necesidad de una elite ilustrada que se hiciera cargo de la República,
la “cosa pública”, muy lejos de ser democrática como se entendió en Francia.
Dice el Profesor Noam Chomsky: </p>



<p class="wp-block-paragraph">Esta teoría sostiene que solo una élite
reducida —la comunidad intelectual de que hablaban los seguidores de John Dewey
(1859-1942)— puede entender cuáles son aquellos intereses comunes, qué es lo
que nos conviene a todos, así como el hecho de que estas cosas escapan a la
gente en general. </p>



<p class="wp-block-paragraph">La fina ironía de Chomsky, rayana en lo
burlesco, lo lleva a hacer una comparación muy inteligente pero chocante para
quien esté desprevenido: </p>



<p class="wp-block-paragraph">En realidad, este enfoque que se
remonta a cientos de años atrás, es también <em>un
planteamiento típicamente leninista</em>, de modo que existe una gran semejanza
con la idea de que una vanguardia de intelectuales revolucionarios toma el
poder mediante revoluciones populares que les proporcionan la fuerza necesaria
para ello, para conducir después a las <em>masas
estúpidas</em> a un futuro en el que estas <em>son
demasiado ineptas e incompetentes para imaginar y prever nada por sí mismas</em>.
</p>



<p class="wp-block-paragraph">Si bien hay bastante de exageración, no
está lejos de la realidad tal comparación cuando recordamos la experiencia
soviética, con su Nomenklatura y pensamos en el establishment estadounidense,
las diferencias nos son tantas. Agrega Chomsky: </p>



<p class="wp-block-paragraph">Es así que la teoría democrática
liberal y el marxismo-leninismo se encuentran muy cerca en sus supuestos
ideológicos. En mi opinión, esta es una de las razones por las que los
individuos, a lo largo del tiempo, han observado que era realmente fácil pasar de
una posición a otra sin experimentar ninguna sensación específica de cambio.
Solo es cuestión de ver dónde está el poder. Hay incluso un principio moral del
todo convincente: <em>la gente es simplemente
demasiado estúpida para comprender las cosas</em>. </p>



<p class="wp-block-paragraph">Esta convicción elitista, <em>aristocrática</em> en el peor sentido de la
palabra, lejos de la idea aristotélica del “gobierno de los mejores”, ha
llegado hasta nuestros días, aunque hoy no pueda hablarse con la franqueza
de&nbsp; la que hacían gala aquellos <em>Padres Fundadores</em>, para decir lo que
realmente pensaban.</p>



<p class="wp-block-paragraph">Entra ahora en escena un personaje ya
citado en otras notas: Walter Lippmann. Como hombre de <em>fe&nbsp; liberal</em>, aunque la idea
que hoy se tiene de un liberal no encaje en este modelo, propuso su tesis de “<em>una revolución en el arte de la democracia</em>”.
Esta revolución partía de algunas premisas muy interesantes de revisar, porque
vuelve a aparecer el tema de la “franqueza”. La idea central parte de la
convicción de que el público «no sabe pensar y que no es prudente abandonarlo
en sus ideas». Por eso afirmaba Lippmann: &nbsp;</p>



<p class="wp-block-paragraph">Que ello era no solo una buena idea
sino también necesaria, debido a que los intereses comunes esquivan totalmente
a la opinión pública y solo una clase especializada de hombres responsables lo
bastante inteligentes puede comprenderlos y resolver los problemas que de ellos
se derivan. </p>



<p class="wp-block-paragraph">Puede Ud. sorprenderse, amigo al lector,
si no ha incursionado en estos temas, que aparezca semejante afirmación como
método de la democracia. Sin embargo, estas ideas sostienen el <em>concepto de democracia que siempre manejó la
clase política estadounidense</em>, razón por la cual prestaron siempre un
fuerte apoyo al desarrollo de los grandes medios para <em>informar (</em>o<em> ¡¡manipular!) la
opinión del ciudadano de a pie</em>. Avanza sobre el tema Chomsky: </p>



<p class="wp-block-paragraph">Lippmann respaldó todo esto con una
teoría bastante elaborada sobre la <em>democracia
progresiva</em>, según la cual, en <em>una
democracia con un funcionamiento adecuado, hay distintas clases de ciudadanos</em>.
En primer lugar, los ciudadanos que asumen algún papel activo en cuestiones
generales relativas al gobierno y la administración: es <em>la clase especializada</em>, formada por personas que analizan, toman
decisiones, ejecutan, controlan y dirigen los procesos que se dan en los
sistemas ideológicos, económicos y políticos, y que constituyen, asimismo, <em>un porcentaje pequeño de la población total</em>.
</p>



<p class="wp-block-paragraph">La masa de los ciudadanos restantes
deben ser siempre meros <em>espectadores</em>,
educados mediante los mensajes de los medios de información, para concurrir el
día de la elección a optar por <em>uno de los
dos candidatos</em> que el <em>establishment
ha propuesto</em>. Para una comprensión más profunda y detallada deberé a
proponer, en otra nota, una lectura con más análisis del pensamiento de Walter
Lippmann. &nbsp;&nbsp;&nbsp;&nbsp;&nbsp; <br></p>



<hr class="wp-block-separator"/>



<p class="wp-block-paragraph"><a href="#_ftnref1">[1]</a> Abogado
y sociólogo de la Universidad de Buenos Aires y Doctor en Derecho de la misma
universidad y de la Universidad de Chicago (EE.UU.), con estudios
post-doctorales en el Balliol College de la Universidad de Oxford (Reino
Unido). Profesor de Teoría Constitucional y Filosofía Política en la
Universidad Torcuato Di Tella y de Derecho Constitucional en la Universidad de
Buenos Aires.</p>



<p class="wp-block-paragraph"><a href="#_ftnref2">[2]</a> Político y jurista
hispano-argentino, doctorado en la Universidad Complutense de Madrid; Profesor
Titular de Derecho Constitucional de la Universidad de Barcelona; accedió a
cargos políticos: Concejal del Ayuntamiento de Barcelona; Diputado de Barcelona
en el Congreso de los Diputados.</p>

<p>Ricardo Vicente López Para entender a los liberales del país del Norte y su modo de pensar la política a principios del siglo XX es necesario volver a esa fecha histórica en la se proclamó la primera Constitución “republicana” de Occidente, el 17 de septiembre de 1787. Es necesario enfatizar lo de republicana porque sólo [&hellip;]</p>
