{"id":85638,"date":"2020-09-01T14:14:23","date_gmt":"2020-09-01T14:14:23","guid":{"rendered":"http:\/\/ricardovicentelopez.com.ar\/?page_id=85638"},"modified":"2020-09-01T14:41:37","modified_gmt":"2020-09-01T14:41:37","slug":"modernidad-y-espiritualidad","status":"publish","type":"page","link":"https:\/\/ricardovicentelopez.com.ar\/?page_id=85638","title":{"rendered":"MODERNIDAD Y ESPIRITUALIDAD"},"content":{"rendered":"\n<figure class=\"wp-block-image\"><img loading=\"lazy\" decoding=\"async\" width=\"489\" height=\"249\" src=\"https:\/\/ricardovicentelopez.com.ar\/wp-content\/uploads\/2020\/09\/presentaci\u00f3n.png\" alt=\"\" class=\"wp-image-85641\" srcset=\"https:\/\/ricardovicentelopez.com.ar\/wp-content\/uploads\/2020\/09\/presentaci\u00f3n.png 489w, https:\/\/ricardovicentelopez.com.ar\/wp-content\/uploads\/2020\/09\/presentaci\u00f3n-300x153.png 300w\" sizes=\"auto, (max-width: 489px) 100vw, 489px\" \/><\/figure>\n\n\n\n<blockquote class=\"wp-block-quote is-style-large is-layout-flow wp-block-quote-is-layout-flow\"><p><strong> La percepci\u00f3n o la intuici\u00f3n de que el hombre de hoy se mantiene alejado de la lectura de &nbsp;temas que plantean, directa o indirectamente, problemas lindantes con la espiritualidad, sin entenderse esto en clave teol\u00f3gica o religiosa, me empujaron a ofrecer algunas reflexiones sobre el tema. \u00c9ste aparece una y otra vez en las conversaciones cotidianas, en la prensa y hasta en las casas de estudio. Su olvido, o su malversaci\u00f3n, ensanchan un vac\u00edo que angustia a una parte considerable de las personas que, en una proporci\u00f3n importante de ellas, ignora el mal que las aqueja y de los or\u00edgenes de ese malestar.<\/strong>  <\/p><cite>LOS INVITO A LEER LOS ART\u00cdCULOS DE ESTA NUEVA COLUMNA <\/cite><\/blockquote>\n\n\n\n<p class=\"wp-block-paragraph\"><\/p>\n","protected":false},"excerpt":{"rendered":"<p>La percepci\u00f3n o la intuici\u00f3n de que el hombre de hoy se mantiene alejado de la lectura de &nbsp;temas que plantean, directa o indirectamente, problemas lindantes con la espiritualidad, sin entenderse esto en clave teol\u00f3gica o religiosa, me empujaron a ofrecer algunas reflexiones sobre el tema. \u00c9ste aparece una y otra vez en las conversaciones [&hellip;]<\/p>\n","protected":false},"author":1,"featured_media":0,"parent":0,"menu_order":0,"comment_status":"closed","ping_status":"closed","template":"","meta":{"footnotes":""},"class_list":["post-85638","page","type-page","status-publish","hentry"],"_links":{"self":[{"href":"https:\/\/ricardovicentelopez.com.ar\/index.php?rest_route=\/wp\/v2\/pages\/85638","targetHints":{"allow":["GET"]}}],"collection":[{"href":"https:\/\/ricardovicentelopez.com.ar\/index.php?rest_route=\/wp\/v2\/pages"}],"about":[{"href":"https:\/\/ricardovicentelopez.com.ar\/index.php?rest_route=\/wp\/v2\/types\/page"}],"author":[{"embeddable":true,"href":"https:\/\/ricardovicentelopez.com.ar\/index.php?rest_route=\/wp\/v2\/users\/1"}],"replies":[{"embeddable":true,"href":"https:\/\/ricardovicentelopez.com.ar\/index.php?rest_route=%2Fwp%2Fv2%2Fcomments&post=85638"}],"version-history":[{"count":4,"href":"https:\/\/ricardovicentelopez.com.ar\/index.php?rest_route=\/wp\/v2\/pages\/85638\/revisions"}],"predecessor-version":[{"id":85649,"href":"https:\/\/ricardovicentelopez.com.ar\/index.php?rest_route=\/wp\/v2\/pages\/85638\/revisions\/85649"}],"wp:attachment":[{"href":"https:\/\/ricardovicentelopez.com.ar\/index.php?rest_route=%2Fwp%2Fv2%2Fmedia&parent=85638"}],"curies":[{"name":"wp","href":"https:\/\/api.w.org\/{rel}","templated":true}]}}

<figure class="wp-block-image"><img loading="lazy" decoding="async" width="489" height="249" src="https://ricardovicentelopez.com.ar/wp-content/uploads/2020/09/presentación.png" alt="" class="wp-image-85641" srcset="https://ricardovicentelopez.com.ar/wp-content/uploads/2020/09/presentación.png 489w, https://ricardovicentelopez.com.ar/wp-content/uploads/2020/09/presentación-300x153.png 300w" sizes="auto, (max-width: 489px) 100vw, 489px" /></figure>



<blockquote class="wp-block-quote is-style-large is-layout-flow wp-block-quote-is-layout-flow"><p><strong> La percepción o la intuición de que el hombre de hoy se mantiene alejado de la lectura de &nbsp;temas que plantean, directa o indirectamente, problemas lindantes con la espiritualidad, sin entenderse esto en clave teológica o religiosa, me empujaron a ofrecer algunas reflexiones sobre el tema. Éste aparece una y otra vez en las conversaciones cotidianas, en la prensa y hasta en las casas de estudio. Su olvido, o su malversación, ensanchan un vacío que angustia a una parte considerable de las personas que, en una proporción importante de ellas, ignora el mal que las aqueja y de los orígenes de ese malestar.</strong>  </p><cite>LOS INVITO A LEER LOS ARTÍCULOS DE ESTA NUEVA COLUMNA </cite></blockquote>



<p class="wp-block-paragraph"></p>

<p>La percepción o la intuición de que el hombre de hoy se mantiene alejado de la lectura de &nbsp;temas que plantean, directa o indirectamente, problemas lindantes con la espiritualidad, sin entenderse esto en clave teológica o religiosa, me empujaron a ofrecer algunas reflexiones sobre el tema. Éste aparece una y otra vez en las conversaciones [&hellip;]</p>
