{"id":85407,"date":"2020-04-27T14:03:38","date_gmt":"2020-04-27T14:03:38","guid":{"rendered":"http:\/\/ricardovicentelopez.com.ar\/?page_id=85407"},"modified":"2021-02-03T13:17:57","modified_gmt":"2021-02-03T13:17:57","slug":"las-desigualdades-sistemicas-del-capitalismo-globalizado-una-critica-a-thomas-piketty","status":"publish","type":"page","link":"https:\/\/ricardovicentelopez.com.ar\/?page_id=85407","title":{"rendered":"070- Las desigualdades sist\u00e9micas del capitalismo globalizado. Una cr\u00edtica a Thomas Piketty"},"content":{"rendered":"\n<h4 class=\"wp-block-heading\">Ricardo V. L\u00f3pez<\/h4>\n\n\n\n<figure class=\"wp-block-image\"><img loading=\"lazy\" decoding=\"async\" width=\"960\" height=\"640\" src=\"https:\/\/ricardovicentelopez.com.ar\/wp-content\/uploads\/2020\/04\/70.jpg\" alt=\"\" class=\"wp-image-85408\" srcset=\"https:\/\/ricardovicentelopez.com.ar\/wp-content\/uploads\/2020\/04\/70.jpg 960w, https:\/\/ricardovicentelopez.com.ar\/wp-content\/uploads\/2020\/04\/70-300x200.jpg 300w, https:\/\/ricardovicentelopez.com.ar\/wp-content\/uploads\/2020\/04\/70-768x512.jpg 768w\" sizes=\"auto, (max-width: 960px) 100vw, 960px\" \/><\/figure>\n\n\n\n<p class=\"wp-block-paragraph\">Me parece necesario agregar algunos comentarios a notas anteriores respecto del tema de la igualdad-desigualdad. Antes analic\u00e9 el recorrido hist\u00f3rico del concepto, ahora voy a centrarme en la relaci\u00f3n inescindible que \u00e9ste tiene con la estructura de clases del sistema capitalista y con las coberturas ideol\u00f3gicas que funcionan como discursos justificatorios del perverso orden social existente.<\/p>\n\n\n\n<p class=\"wp-block-paragraph\">Lo que me impuls\u00f3 a volver sobre el tema es un muy inteligente comentario del Doctor Vicen\u00e7 Navarro L\u00f3pez (1937) \u2013 m\u00e9dico, soci\u00f3logo y polit\u00f3logo espa\u00f1ol, de larga carrera acad\u00e9mica: Catedr\u00e1tico de Econom\u00eda Aplicada en la Universidad de Barcelona, de Ciencias Pol\u00edticas y Sociales en la Universidad Pompeu Fabra, Profesor en la Universidad Johns Hopkins de Baltimore (EEUU)\u200b y Doctor Honoris Causa por la Universidad de L\u00e9rida. Dirige tambi\u00e9n el Observatorio Social de Espa\u00f1a. Es considerado uno de los investigadores espa\u00f1oles m\u00e1s citados en la literatura cient\u00edfica internacional en ciencias sociales. Public\u00f3 una nota cr\u00edtica en la que comenta el segundo libro de Thomas Piketty,&nbsp;<em>Capital e ideolog\u00eda&nbsp;<\/em>(2019)<em>.<\/em><\/p>\n\n\n\n<p class=\"wp-block-paragraph\">Algunos datos sobre el autor de este libro. El Doctor Thomas Piketty es un economista franc\u00e9s, especializado en el tema&nbsp;<em>desigualdad econ\u00f3mica y distribuci\u00f3n de la renta<\/em>. Desde el a\u00f1o 2000 es Director de la Escuela de Estudios Superiores en Ciencias Sociales; Profesor Asociado de la Escuela de Econom\u00eda de Par\u00eds y Director de la Escuela de Estudios Superiores en Ciencias Sociales. Public\u00f3&nbsp;<em>El capital en el siglo XXI (<\/em>2013), un libro que sacudi\u00f3 el mundo acad\u00e9mico europeo, y se extendi\u00f3 a gran parte de los centros acad\u00e9micos del mundo. Denunciaba en \u00e9l que&nbsp;<em>el problema de la desigualdad es el resultado de una concentraci\u00f3n constante del aumento de la riqueza en los \u00faltimos 250 a\u00f1os de sistema capitalista&nbsp;<\/em>y que contin\u00faa hoy.<\/p>\n\n\n\n<p class=\"wp-block-paragraph\">Amigo lector, le ruego me perdone por lo que puede parecerle exagerado cada vez que detallo los antecedentes de aquellos a quienes cito. Me mueve a ello la necesidad de subrayar su autoridad intelectual en el tema de ambos acad\u00e9micos. La proliferaci\u00f3n de plum\u00edferos&nbsp;<a href=\"https:\/\/kontrainfo.com\/las-desigualdades-sistemicas-del-capitalismo-globalizado-una-critica-a-thomas-piketty-por-ricardo-v-lopez\/#_ftn1\">[1]<\/a>&nbsp;que hablan o escriben en los medios de comunicaci\u00f3n, con&nbsp;<em>supuestos saberes cient\u00edficos<\/em>, generan distorsiones y confusiones, no siempre inocentes. Por tal raz\u00f3n, los antecedentes anteriores dan garant\u00eda de formaci\u00f3n y versaci\u00f3n.<\/p>\n\n\n\n<p class=\"wp-block-paragraph\">Al publicar este segundo trabajo&nbsp;<em>Capital e ideolog\u00eda<\/em>, avanza sobre sus tesis anteriores. No voy a entrar en el an\u00e1lisis de ambos textos porque no creo tener la capacidad para ello. Voy a transcribir parte de las cr\u00edticas que le hace Vicen\u00e7 Navarro, y voy a concentrarme en algunos aspectos que ambos acuerdan respecto de se\u00f1alar la desigualdad social como la causa m\u00e1s severa de la pobreza existente y de su escandaloso crecimiento. Es especialmente atrayente la cr\u00edtica que le hace al segundo libro de Piketty:<\/p>\n\n\n\n<blockquote class=\"wp-block-quote is-layout-flow wp-block-quote-is-layout-flow\"><p>Lo que es interesante es que apenas se habla de otro t\u00e9rmino (o concepto) que est\u00e1 claramente relacionado con el tema de desigualdades. Y me refiero al vocablo (o concepto) de explotaci\u00f3n, poco citado y todav\u00eda menos analizado, por ser considerado demasiado pol\u00e9mico.&nbsp;<em>Los datos, sin embargo, muestran que es casi imposible entender la enorme evoluci\u00f3n de las desigualdades en el mundo capitalista desarrollado de hoy sin hablar de explotaci\u00f3n<\/em>.<\/p><\/blockquote>\n\n\n\n<p class=\"wp-block-paragraph\">Vicen\u00e7 Navarro propone una respuesta a esta pregunta \u00bf<em>Qu\u00e9 es la explotaci\u00f3n<\/em>?:<\/p>\n\n\n\n<blockquote class=\"wp-block-quote is-layout-flow wp-block-quote-is-layout-flow\"><p>En realidad, el concepto explotaci\u00f3n es muy f\u00e1cil de definir: \u201cA\u201d explota a \u201cB\u201d cuando \u201cA\u201d vive mejor a costa de que \u201cB\u201d viva peor. \u201cA\u201d y \u201cB\u201d pueden ser clases sociales, g\u00e9neros, razas, naciones o ambientes. Un ejemplo:&nbsp;<em>cuando a un trabajador se le paga menos de lo que contribuye con su producto o servicio a fin de que su empleador (el empresario) pueda aumentar m\u00e1s sus beneficios, hablamos de explotaci\u00f3n de clase<\/em>\u2026 Cuando un Estado\u2013naci\u00f3n impone a otro m\u00e1s pobre las condiciones del comercio internacional que le favorecen, a costa de los intereses de esa naci\u00f3n pobre, hay&nbsp;<em>explotaci\u00f3n de naci\u00f3n<\/em>.<\/p><\/blockquote>\n\n\n\n<p class=\"wp-block-paragraph\">Propone una tesis que se desprende del an\u00e1lisis del concepto explotaci\u00f3n y de su incidencia en el crecimiento de las desigualdades:<\/p>\n\n\n\n<blockquote class=\"wp-block-quote is-layout-flow wp-block-quote-is-layout-flow\"><p>Pues bien,&nbsp;<em>una de las desigualdades m\u00e1s acentuadas, y que han aumentado m\u00e1s sustancialmente desde los a\u00f1os ochenta del pasado siglo han sido las desigualdades por clase social, y ello se debe al aumento de la explotaci\u00f3n de clase.&nbsp;<\/em>Esto explica en gran medida la evoluci\u00f3n de estas desigualdades de clase, las cuales, a su vez, afectan a otros tipos de desigualdades como las de g\u00e9nero. La explotaci\u00f3n de clase centra la din\u00e1mica de las sociedades capitalistas hasta tal punto que&nbsp;<em>no se puede entender la g\u00e9nesis ni el desarrollo de la Gran Depresi\u00f3n o de la Gran Recesi\u00f3n en el mundo capitalista desarrollado sin analizar la evoluci\u00f3n de tal explotaci\u00f3n<\/em>.<\/p><\/blockquote>\n\n\n\n<p class=\"wp-block-paragraph\">Como prueba de la importancia de esta tesis cita al Doctor Paul Krugman (1953), economista estadounidense, Profesor de Econom\u00eda y Asuntos Internacionales en la Universidad de Princeton, de Yale, del MIT, de la Escuela Econ\u00f3mica de Londres y Stanford; Premio Nobel de Econom\u00eda (2008), quien ha reconocido tambi\u00e9n esta realidad. A pesar de sus cr\u00edticas Navarro le reconoce a Piketty, que sus tesis no est\u00e1n lejos de estos an\u00e1lisis ya que recuerda en su libro la famosa cita de Karl Marx: \u201cLa historia de todas las sociedades que han existido hasta nuestros d\u00edas es la historia de las luchas de clases\u201d.<\/p>\n\n\n\n<p class=\"wp-block-paragraph\">Respecto de la&nbsp;<em>justificaci\u00f3n ideol\u00f3gica<\/em>, como uno de los elementos estabilizadores del sistema capitalista, subraya la&nbsp;<em>meritocracia&nbsp;<\/em><a href=\"https:\/\/kontrainfo.com\/las-desigualdades-sistemicas-del-capitalismo-globalizado-una-critica-a-thomas-piketty-por-ricardo-v-lopez\/#_ftn2\">[2]<\/a>, aunque sostiene que ya va perdiendo toda su credibilidad y capacidad cohesionadora, pues cada vez son menos los que la creen. Y esto es un muy buen criterio para comprender las dificultades actuales que muestra el capitalismo para sostenerse como sistema dominador. Esta realidad muestra el poder de las ideolog\u00edas en la configuraci\u00f3n de las desigualdades, y es precisamente la crisis lo que mejor la pone en evidencia.<\/p>\n\n\n\n<p class=\"wp-block-paragraph\">Naturalmente las ideolog\u00edas de clase no son las \u00fanicas, pues cada tipo de explotaci\u00f3n genera diferentes ideolog\u00edas. La explotaci\u00f3n de g\u00e9nero se sostiene gracias a la existencia de ideolog\u00edas que reproducen tal explotaci\u00f3n. Para mostrar esto cita a una especialista:<\/p>\n\n\n\n<blockquote class=\"wp-block-quote is-layout-flow wp-block-quote-is-layout-flow\"><p>Como ha escrito la Soci\u00f3loga brit\u00e1nica Rosalind Gill (1963), te\u00f3rica cultural feminista, Profesora de An\u00e1lisis Social y Cultural en la Universidad de Londres en su libro&nbsp;<em>Cultura y subjetividad en tiempos neoliberales y&nbsp;<\/em><em>postfeministas<\/em>, el neoliberalismo, ideolog\u00eda de la clase capitalista, influenci\u00f3 en la expansi\u00f3n del erotismo en la moda femenina, a fin de empoderar a la mujer para competir en el mundo dominado por el hombre en t\u00e9rminos que reproduc\u00edan tambi\u00e9n el dominio del machismo, que ve\u00eda a la mujer como objeto de deseo del hombre. Lo que la mujer (liberal) cre\u00eda que era la libre expresi\u00f3n de su voluntad era, en realidad, la reafirmaci\u00f3n de su opresi\u00f3n, present\u00e1ndola como objeto de deseo.<\/p><\/blockquote>\n\n\n\n<p class=\"wp-block-paragraph\">Para avanzar en el tema de la relaci\u00f3n entre&nbsp;<em>ideolog\u00eda<\/em>&nbsp;y&nbsp;<em>explotaci\u00f3n<\/em>&nbsp;describe lo siguiente:<\/p>\n\n\n\n<blockquote class=\"wp-block-quote is-layout-flow wp-block-quote-is-layout-flow\"><p>Una situaci\u00f3n semejante se da en las ideolog\u00edas basadas en la explotaci\u00f3n de raza y de clase. El racismo ha jugado un papel clave en desempoderar al mundo del trabajo, dividi\u00e9ndolo por raza. Es de sobra conocido que el racismo juega un papel clave en la desuni\u00f3n de la clase trabajadora. Como bien dijo Martin Luther King una semana antes de ser asesinado, \u201cla lucha central en EEUU que afecta a todas las dem\u00e1s es la lucha de clases\u201d.<\/p><\/blockquote>\n\n\n\n<p class=\"wp-block-paragraph\">A pesar de que desde el sur nos parece que el avance de las derechas parecen consolidarse, todas ellas son diversas modalidades del neoliberalismo: sin embargo, las voces de los pueblos explotados est\u00e1n anunciando que no est\u00e1n dispuestos a seguir siendo explotados. El General Per\u00f3n sentenci\u00f3 hace m\u00e1s de medio siglo: \u00abCuando los pueblos agotan sus paciencias suelen hacer tronar el escarmiento\u00bb. Vicen\u00e7 Navarro detecta que algo similar se est\u00e1 insinuando en los pa\u00edses centrales.<\/p>\n\n\n\n<p class=\"wp-block-paragraph\">Hoy la gran mayor\u00eda de pa\u00edses a los dos lados del Atl\u00e1ntico Norte est\u00e1n experimentando una enorme crisis de legitimidad de sus Estados, resultado en gran parte de la aplicaci\u00f3n de las pol\u00edticas p\u00fablicas neoliberales impuestas por los partidos gobernantes.&nbsp;<em>Hoy estamos viendo el fin de una etapa en la que el poder de las clases dominantes ha alcanzado un nivel tal que la propia supervivencia de los sistemas democr\u00e1ticos est\u00e1 en juego<\/em>.<\/p>\n\n\n\n<p class=\"wp-block-paragraph\">De las cr\u00edticas que el autor de la nota le hace al libro de Piketty se desprenden ideas que pueden ser iluminadoras para nuestro continente, hoy tan asediado. La brutalidad que avanza es un s\u00edntoma de impotencia y decadencia. Los pueblos lanzados a las calles son formas de las advertencias que anuncian cambios profundos.<\/p>\n\n\n\n<p class=\"wp-block-paragraph\"><a href=\"https:\/\/kontrainfo.com\/las-desigualdades-sistemicas-del-capitalismo-globalizado-una-critica-a-thomas-piketty-por-ricardo-v-lopez\/#_ftnref1\">[1]<\/a>&nbsp;Escritor o periodista mediocre se cree genial pero en realidad no es m\u00e1s que un vulgar redactor.<\/p>\n\n\n\n<p class=\"wp-block-paragraph\"><a href=\"https:\/\/kontrainfo.com\/las-desigualdades-sistemicas-del-capitalismo-globalizado-una-critica-a-thomas-piketty-por-ricardo-v-lopez\/#_ftnref2\">[2]<\/a>&nbsp;Estrictamente hablando, es un sistema de gobierno basado en la habilidad (m\u00e9rito) en vez de la riqueza o posici\u00f3n social. El problema sin resolver es definir en forma precisa qu\u00e9 se entiende por m\u00e9rito.<\/p>\n","protected":false},"excerpt":{"rendered":"<p>Ricardo V. L\u00f3pez Me parece necesario agregar algunos comentarios a notas anteriores respecto del tema de la igualdad-desigualdad. Antes analic\u00e9 el recorrido hist\u00f3rico del concepto, ahora voy a centrarme en la relaci\u00f3n inescindible que \u00e9ste tiene con la estructura de clases del sistema capitalista y con las coberturas ideol\u00f3gicas que funcionan como discursos justificatorios del [&hellip;]<\/p>\n","protected":false},"author":1,"featured_media":0,"parent":85388,"menu_order":0,"comment_status":"closed","ping_status":"closed","template":"","meta":{"footnotes":""},"class_list":["post-85407","page","type-page","status-publish","hentry"],"_links":{"self":[{"href":"https:\/\/ricardovicentelopez.com.ar\/index.php?rest_route=\/wp\/v2\/pages\/85407","targetHints":{"allow":["GET"]}}],"collection":[{"href":"https:\/\/ricardovicentelopez.com.ar\/index.php?rest_route=\/wp\/v2\/pages"}],"about":[{"href":"https:\/\/ricardovicentelopez.com.ar\/index.php?rest_route=\/wp\/v2\/types\/page"}],"author":[{"embeddable":true,"href":"https:\/\/ricardovicentelopez.com.ar\/index.php?rest_route=\/wp\/v2\/users\/1"}],"replies":[{"embeddable":true,"href":"https:\/\/ricardovicentelopez.com.ar\/index.php?rest_route=%2Fwp%2Fv2%2Fcomments&post=85407"}],"version-history":[{"count":3,"href":"https:\/\/ricardovicentelopez.com.ar\/index.php?rest_route=\/wp\/v2\/pages\/85407\/revisions"}],"predecessor-version":[{"id":86180,"href":"https:\/\/ricardovicentelopez.com.ar\/index.php?rest_route=\/wp\/v2\/pages\/85407\/revisions\/86180"}],"up":[{"embeddable":true,"href":"https:\/\/ricardovicentelopez.com.ar\/index.php?rest_route=\/wp\/v2\/pages\/85388"}],"wp:attachment":[{"href":"https:\/\/ricardovicentelopez.com.ar\/index.php?rest_route=%2Fwp%2Fv2%2Fmedia&parent=85407"}],"curies":[{"name":"wp","href":"https:\/\/api.w.org\/{rel}","templated":true}]}}

070- Las desigualdades sistémicas del capitalismo globalizado. Una crítica a Thomas Piketty

<h4 class="wp-block-heading">Ricardo V. López</h4>



<figure class="wp-block-image"><img loading="lazy" decoding="async" width="960" height="640" src="https://ricardovicentelopez.com.ar/wp-content/uploads/2020/04/70.jpg" alt="" class="wp-image-85408" srcset="https://ricardovicentelopez.com.ar/wp-content/uploads/2020/04/70.jpg 960w, https://ricardovicentelopez.com.ar/wp-content/uploads/2020/04/70-300x200.jpg 300w, https://ricardovicentelopez.com.ar/wp-content/uploads/2020/04/70-768x512.jpg 768w" sizes="auto, (max-width: 960px) 100vw, 960px" /></figure>



<p class="wp-block-paragraph">Me parece necesario agregar algunos comentarios a notas anteriores respecto del tema de la igualdad-desigualdad. Antes analicé el recorrido histórico del concepto, ahora voy a centrarme en la relación inescindible que éste tiene con la estructura de clases del sistema capitalista y con las coberturas ideológicas que funcionan como discursos justificatorios del perverso orden social existente.</p>



<p class="wp-block-paragraph">Lo que me impulsó a volver sobre el tema es un muy inteligente comentario del Doctor Vicenç Navarro López (1937) – médico, sociólogo y politólogo español, de larga carrera académica: Catedrático de Economía Aplicada en la Universidad de Barcelona, de Ciencias Políticas y Sociales en la Universidad Pompeu Fabra, Profesor en la Universidad Johns Hopkins de Baltimore (EEUU)​ y Doctor Honoris Causa por la Universidad de Lérida. Dirige también el Observatorio Social de España. Es considerado uno de los investigadores españoles más citados en la literatura científica internacional en ciencias sociales. Publicó una nota crítica en la que comenta el segundo libro de Thomas Piketty,&nbsp;<em>Capital e ideología&nbsp;</em>(2019)<em>.</em></p>



<p class="wp-block-paragraph">Algunos datos sobre el autor de este libro. El Doctor Thomas Piketty es un economista francés, especializado en el tema&nbsp;<em>desigualdad económica y distribución de la renta</em>. Desde el año 2000 es Director de la Escuela de Estudios Superiores en Ciencias Sociales; Profesor Asociado de la Escuela de Economía de París y Director de la Escuela de Estudios Superiores en Ciencias Sociales. Publicó&nbsp;<em>El capital en el siglo XXI (</em>2013), un libro que sacudió el mundo académico europeo, y se extendió a gran parte de los centros académicos del mundo. Denunciaba en él que&nbsp;<em>el problema de la desigualdad es el resultado de una concentración constante del aumento de la riqueza en los últimos 250 años de sistema capitalista&nbsp;</em>y que continúa hoy.</p>



<p class="wp-block-paragraph">Amigo lector, le ruego me perdone por lo que puede parecerle exagerado cada vez que detallo los antecedentes de aquellos a quienes cito. Me mueve a ello la necesidad de subrayar su autoridad intelectual en el tema de ambos académicos. La proliferación de plumíferos&nbsp;<a href="https://kontrainfo.com/las-desigualdades-sistemicas-del-capitalismo-globalizado-una-critica-a-thomas-piketty-por-ricardo-v-lopez/#_ftn1">[1]</a>&nbsp;que hablan o escriben en los medios de comunicación, con&nbsp;<em>supuestos saberes científicos</em>, generan distorsiones y confusiones, no siempre inocentes. Por tal razón, los antecedentes anteriores dan garantía de formación y versación.</p>



<p class="wp-block-paragraph">Al publicar este segundo trabajo&nbsp;<em>Capital e ideología</em>, avanza sobre sus tesis anteriores. No voy a entrar en el análisis de ambos textos porque no creo tener la capacidad para ello. Voy a transcribir parte de las críticas que le hace Vicenç Navarro, y voy a concentrarme en algunos aspectos que ambos acuerdan respecto de señalar la desigualdad social como la causa más severa de la pobreza existente y de su escandaloso crecimiento. Es especialmente atrayente la crítica que le hace al segundo libro de Piketty:</p>



<blockquote class="wp-block-quote is-layout-flow wp-block-quote-is-layout-flow"><p>Lo que es interesante es que apenas se habla de otro término (o concepto) que está claramente relacionado con el tema de desigualdades. Y me refiero al vocablo (o concepto) de explotación, poco citado y todavía menos analizado, por ser considerado demasiado polémico.&nbsp;<em>Los datos, sin embargo, muestran que es casi imposible entender la enorme evolución de las desigualdades en el mundo capitalista desarrollado de hoy sin hablar de explotación</em>.</p></blockquote>



<p class="wp-block-paragraph">Vicenç Navarro propone una respuesta a esta pregunta ¿<em>Qué es la explotación</em>?:</p>



<blockquote class="wp-block-quote is-layout-flow wp-block-quote-is-layout-flow"><p>En realidad, el concepto explotación es muy fácil de definir: “A” explota a “B” cuando “A” vive mejor a costa de que “B” viva peor. “A” y “B” pueden ser clases sociales, géneros, razas, naciones o ambientes. Un ejemplo:&nbsp;<em>cuando a un trabajador se le paga menos de lo que contribuye con su producto o servicio a fin de que su empleador (el empresario) pueda aumentar más sus beneficios, hablamos de explotación de clase</em>… Cuando un Estado–nación impone a otro más pobre las condiciones del comercio internacional que le favorecen, a costa de los intereses de esa nación pobre, hay&nbsp;<em>explotación de nación</em>.</p></blockquote>



<p class="wp-block-paragraph">Propone una tesis que se desprende del análisis del concepto explotación y de su incidencia en el crecimiento de las desigualdades:</p>



<blockquote class="wp-block-quote is-layout-flow wp-block-quote-is-layout-flow"><p>Pues bien,&nbsp;<em>una de las desigualdades más acentuadas, y que han aumentado más sustancialmente desde los años ochenta del pasado siglo han sido las desigualdades por clase social, y ello se debe al aumento de la explotación de clase.&nbsp;</em>Esto explica en gran medida la evolución de estas desigualdades de clase, las cuales, a su vez, afectan a otros tipos de desigualdades como las de género. La explotación de clase centra la dinámica de las sociedades capitalistas hasta tal punto que&nbsp;<em>no se puede entender la génesis ni el desarrollo de la Gran Depresión o de la Gran Recesión en el mundo capitalista desarrollado sin analizar la evolución de tal explotación</em>.</p></blockquote>



<p class="wp-block-paragraph">Como prueba de la importancia de esta tesis cita al Doctor Paul Krugman (1953), economista estadounidense, Profesor de Economía y Asuntos Internacionales en la Universidad de Princeton, de Yale, del MIT, de la Escuela Económica de Londres y Stanford; Premio Nobel de Economía (2008), quien ha reconocido también esta realidad. A pesar de sus críticas Navarro le reconoce a Piketty, que sus tesis no están lejos de estos análisis ya que recuerda en su libro la famosa cita de Karl Marx: “La historia de todas las sociedades que han existido hasta nuestros días es la historia de las luchas de clases”.</p>



<p class="wp-block-paragraph">Respecto de la&nbsp;<em>justificación ideológica</em>, como uno de los elementos estabilizadores del sistema capitalista, subraya la&nbsp;<em>meritocracia&nbsp;</em><a href="https://kontrainfo.com/las-desigualdades-sistemicas-del-capitalismo-globalizado-una-critica-a-thomas-piketty-por-ricardo-v-lopez/#_ftn2">[2]</a>, aunque sostiene que ya va perdiendo toda su credibilidad y capacidad cohesionadora, pues cada vez son menos los que la creen. Y esto es un muy buen criterio para comprender las dificultades actuales que muestra el capitalismo para sostenerse como sistema dominador. Esta realidad muestra el poder de las ideologías en la configuración de las desigualdades, y es precisamente la crisis lo que mejor la pone en evidencia.</p>



<p class="wp-block-paragraph">Naturalmente las ideologías de clase no son las únicas, pues cada tipo de explotación genera diferentes ideologías. La explotación de género se sostiene gracias a la existencia de ideologías que reproducen tal explotación. Para mostrar esto cita a una especialista:</p>



<blockquote class="wp-block-quote is-layout-flow wp-block-quote-is-layout-flow"><p>Como ha escrito la Socióloga británica Rosalind Gill (1963), teórica cultural feminista, Profesora de Análisis Social y Cultural en la Universidad de Londres en su libro&nbsp;<em>Cultura y subjetividad en tiempos neoliberales y&nbsp;</em><em>postfeministas</em>, el neoliberalismo, ideología de la clase capitalista, influenció en la expansión del erotismo en la moda femenina, a fin de empoderar a la mujer para competir en el mundo dominado por el hombre en términos que reproducían también el dominio del machismo, que veía a la mujer como objeto de deseo del hombre. Lo que la mujer (liberal) creía que era la libre expresión de su voluntad era, en realidad, la reafirmación de su opresión, presentándola como objeto de deseo.</p></blockquote>



<p class="wp-block-paragraph">Para avanzar en el tema de la relación entre&nbsp;<em>ideología</em>&nbsp;y&nbsp;<em>explotación</em>&nbsp;describe lo siguiente:</p>



<blockquote class="wp-block-quote is-layout-flow wp-block-quote-is-layout-flow"><p>Una situación semejante se da en las ideologías basadas en la explotación de raza y de clase. El racismo ha jugado un papel clave en desempoderar al mundo del trabajo, dividiéndolo por raza. Es de sobra conocido que el racismo juega un papel clave en la desunión de la clase trabajadora. Como bien dijo Martin Luther King una semana antes de ser asesinado, “la lucha central en EEUU que afecta a todas las demás es la lucha de clases”.</p></blockquote>



<p class="wp-block-paragraph">A pesar de que desde el sur nos parece que el avance de las derechas parecen consolidarse, todas ellas son diversas modalidades del neoliberalismo: sin embargo, las voces de los pueblos explotados están anunciando que no están dispuestos a seguir siendo explotados. El General Perón sentenció hace más de medio siglo: «Cuando los pueblos agotan sus paciencias suelen hacer tronar el escarmiento». Vicenç Navarro detecta que algo similar se está insinuando en los países centrales.</p>



<p class="wp-block-paragraph">Hoy la gran mayoría de países a los dos lados del Atlántico Norte están experimentando una enorme crisis de legitimidad de sus Estados, resultado en gran parte de la aplicación de las políticas públicas neoliberales impuestas por los partidos gobernantes.&nbsp;<em>Hoy estamos viendo el fin de una etapa en la que el poder de las clases dominantes ha alcanzado un nivel tal que la propia supervivencia de los sistemas democráticos está en juego</em>.</p>



<p class="wp-block-paragraph">De las críticas que el autor de la nota le hace al libro de Piketty se desprenden ideas que pueden ser iluminadoras para nuestro continente, hoy tan asediado. La brutalidad que avanza es un síntoma de impotencia y decadencia. Los pueblos lanzados a las calles son formas de las advertencias que anuncian cambios profundos.</p>



<p class="wp-block-paragraph"><a href="https://kontrainfo.com/las-desigualdades-sistemicas-del-capitalismo-globalizado-una-critica-a-thomas-piketty-por-ricardo-v-lopez/#_ftnref1">[1]</a>&nbsp;Escritor o periodista mediocre se cree genial pero en realidad no es más que un vulgar redactor.</p>



<p class="wp-block-paragraph"><a href="https://kontrainfo.com/las-desigualdades-sistemicas-del-capitalismo-globalizado-una-critica-a-thomas-piketty-por-ricardo-v-lopez/#_ftnref2">[2]</a>&nbsp;Estrictamente hablando, es un sistema de gobierno basado en la habilidad (mérito) en vez de la riqueza o posición social. El problema sin resolver es definir en forma precisa qué se entiende por mérito.</p>

<p>Ricardo V. López Me parece necesario agregar algunos comentarios a notas anteriores respecto del tema de la igualdad-desigualdad. Antes analicé el recorrido histórico del concepto, ahora voy a centrarme en la relación inescindible que éste tiene con la estructura de clases del sistema capitalista y con las coberturas ideológicas que funcionan como discursos justificatorios del [&hellip;]</p>
