{"id":85300,"date":"2019-12-09T11:27:06","date_gmt":"2019-12-09T11:27:06","guid":{"rendered":"http:\/\/ricardovicentelopez.com.ar\/?page_id=85300"},"modified":"2019-12-09T11:27:06","modified_gmt":"2019-12-09T11:27:06","slug":"26-realidad-y-ficcion-en-la-formacion-de-la-opinion-publica","status":"publish","type":"page","link":"https:\/\/ricardovicentelopez.com.ar\/?page_id=85300","title":{"rendered":"26- Realidad y ficci\u00f3n en la formaci\u00f3n de la opini\u00f3n p\u00fablica"},"content":{"rendered":"\n<figure class=\"wp-block-image\"><img loading=\"lazy\" decoding=\"async\" width=\"960\" height=\"565\" src=\"https:\/\/ricardovicentelopez.com.ar\/wp-content\/uploads\/2019\/12\/26.png\" alt=\"\" class=\"wp-image-85301\" srcset=\"https:\/\/ricardovicentelopez.com.ar\/wp-content\/uploads\/2019\/12\/26.png 960w, https:\/\/ricardovicentelopez.com.ar\/wp-content\/uploads\/2019\/12\/26-300x177.png 300w, https:\/\/ricardovicentelopez.com.ar\/wp-content\/uploads\/2019\/12\/26-768x452.png 768w\" sizes=\"auto, (max-width: 960px) 100vw, 960px\" \/><\/figure>\n\n\n\n<figure class=\"wp-block-audio\"><audio controls src=\"https:\/\/ricardovicentelopez.com.ar\/wp-content\/uploads\/2019\/11\/QUE-MUNDO-MARAVILLOSO-26.mp3\"><\/audio><\/figure>\n","protected":false},"excerpt":{"rendered":"","protected":false},"author":1,"featured_media":0,"parent":2290,"menu_order":0,"comment_status":"closed","ping_status":"closed","template":"","meta":{"footnotes":""},"class_list":["post-85300","page","type-page","status-publish","hentry"],"_links":{"self":[{"href":"https:\/\/ricardovicentelopez.com.ar\/index.php?rest_route=\/wp\/v2\/pages\/85300","targetHints":{"allow":["GET"]}}],"collection":[{"href":"https:\/\/ricardovicentelopez.com.ar\/index.php?rest_route=\/wp\/v2\/pages"}],"about":[{"href":"https:\/\/ricardovicentelopez.com.ar\/index.php?rest_route=\/wp\/v2\/types\/page"}],"author":[{"embeddable":true,"href":"https:\/\/ricardovicentelopez.com.ar\/index.php?rest_route=\/wp\/v2\/users\/1"}],"replies":[{"embeddable":true,"href":"https:\/\/ricardovicentelopez.com.ar\/index.php?rest_route=%2Fwp%2Fv2%2Fcomments&post=85300"}],"version-history":[{"count":1,"href":"https:\/\/ricardovicentelopez.com.ar\/index.php?rest_route=\/wp\/v2\/pages\/85300\/revisions"}],"predecessor-version":[{"id":85302,"href":"https:\/\/ricardovicentelopez.com.ar\/index.php?rest_route=\/wp\/v2\/pages\/85300\/revisions\/85302"}],"up":[{"embeddable":true,"href":"https:\/\/ricardovicentelopez.com.ar\/index.php?rest_route=\/wp\/v2\/pages\/2290"}],"wp:attachment":[{"href":"https:\/\/ricardovicentelopez.com.ar\/index.php?rest_route=%2Fwp%2Fv2%2Fmedia&parent=85300"}],"curies":[{"name":"wp","href":"https:\/\/api.w.org\/{rel}","templated":true}]}}

26- Realidad y ficción en la formación de la opinión pública
