{"id":84544,"date":"2019-07-01T12:57:58","date_gmt":"2019-07-01T12:57:58","guid":{"rendered":"http:\/\/ricardovicentelopez.com.ar\/?page_id=84544"},"modified":"2019-07-01T13:01:37","modified_gmt":"2019-07-01T13:01:37","slug":"02-humana-mente-19-04","status":"publish","type":"page","link":"https:\/\/ricardovicentelopez.com.ar\/?page_id=84544","title":{"rendered":"02- Humana mente (19\/04)"},"content":{"rendered":"\n<figure class=\"wp-block-audio\"><audio controls src=\"https:\/\/ricardovicentelopez.com.ar\/wp-content\/uploads\/2019\/07\/02-HUMANAMENTE-1904.mp3\"><\/audio><figcaption><strong><em>ESCUCHAR EL PROGRAMA<\/em><\/strong><br><br><\/figcaption><\/figure>\n\n\n\n<figure class=\"wp-block-image\"><img loading=\"lazy\" decoding=\"async\" width=\"650\" height=\"432\" src=\"https:\/\/ricardovicentelopez.com.ar\/wp-content\/uploads\/2019\/07\/02-2.png\" alt=\"\" class=\"wp-image-84660\" srcset=\"https:\/\/ricardovicentelopez.com.ar\/wp-content\/uploads\/2019\/07\/02-2.png 650w, https:\/\/ricardovicentelopez.com.ar\/wp-content\/uploads\/2019\/07\/02-2-300x199.png 300w\" sizes=\"auto, (max-width: 650px) 100vw, 650px\" \/><\/figure>\n\n\n\n<p class=\"wp-block-paragraph\">Hay una palabra que comenz\u00f3\na usarse hace unas pocas d\u00e9cadas, aunque sin mucho entusiasmo: \u201cnaturalizaci\u00f3n\u201d\nde los fen\u00f3menos sociales, econ\u00f3micos y pol\u00edticos. Otro caso similar que, sin\nembargo pasa desapercibido por lo general, es la \u201cglobalizaci\u00f3n\u201d. Veamos qu\u00e9\ndice La Real Academia de esta \u00faltima: <\/p>\n\n\n\n<p class=\"wp-block-paragraph\">\u201cDifusi\u00f3n\nmundial de modos, valores o tendencias que fomenta la uniformidad de gustos y\ncostumbres; proceso por el que las econom\u00edas y mercados, con el desarrollo de\nlas tecnolog\u00edas de la comunicaci\u00f3n, adquieren una dimensi\u00f3n mundial, de modo\nque dependen cada vez m\u00e1s de los mercados externos y menos de la acci\u00f3n\nreguladora de los Gobiernos\u201d.<\/p>\n\n\n\n<p class=\"wp-block-paragraph\">Wikipedia lo define as\u00ed:<\/p>\n\n\n\n<p class=\"wp-block-paragraph\">La globalizaci\u00f3n\nes un proceso econ\u00f3mico, tecnol\u00f3gico, pol\u00edtico, social, empresarial y cultural\na escala mundial que consiste en la creciente comunicaci\u00f3n e interdependencia\nentre los distintos pa\u00edses del mundo uniendo sus mercados, sociedades y\nculturas, a trav\u00e9s de una serie de transformaciones sociales, econ\u00f3micas y\npol\u00edticas que les dan un car\u00e1cter global. La globalizaci\u00f3n es a menudo\nidentificada como un proceso din\u00e1mico producido principalmente por la sociedad,\ny que ha abierto sus puertas a la revoluci\u00f3n inform\u00e1tica, llegando a un nivel considerable\nde liberalizaci\u00f3n y democratizaci\u00f3n en su cultura pol\u00edtica, en su ordenamiento\njur\u00eddico y econ\u00f3mico nacional, y en sus relaciones nacionales e\ninternacionales. <\/p>\n\n\n\n<p class=\"wp-block-paragraph\">&nbsp;&nbsp;&nbsp;&nbsp;&nbsp;&nbsp;&nbsp;&nbsp;&nbsp;&nbsp;&nbsp;&nbsp;&nbsp;&nbsp;&nbsp;&nbsp; Ahora\nla \u201cprojimidad\u201d, concepto que profundiza lo que la \u201cproximidad\u201d significa, puesto\nque le agrega la sensibilidad por los padecimientos posibles del otro y acude\nen su ayuda. La \u201cproximidad\u201d habla de distancia; la \u201cprojimidad\u201d habla de\ncompromiso. Ese que expresa Terencio al afirmas que \u201cnada de lo que es humano\nme es ajeno\u201d. La diferencia radica en c\u00f3mo se lo siente a ese otro, a ese que\nal convertirlo en un <em>pr\u00f3jimo<\/em> le\nexpresa su com-pasi\u00f3n. Analicemos un poco esta palabra.<\/p>\n\n\n\n<p class=\"wp-block-paragraph\">Las diferencias aparecen\ncuando se cambia la actitud respecto del otro, convertido en \u201cpr\u00f3jimo\u201d. Ac\u00e1\ndebemos enfrentar un problema que <em>nos\nobliga a detenernos a pensar<\/em>. Ello es hoy m\u00e1s necesario que en otros\ntiempos. Por lo tanto debemos asumir toda esta problem\u00e1tica y equiparnos con\nconceptos que enriquezcan nuestro pensamiento.<\/p>\n","protected":false},"excerpt":{"rendered":"<p>Hay una palabra que comenz\u00f3 a usarse hace unas pocas d\u00e9cadas, aunque sin mucho entusiasmo: \u201cnaturalizaci\u00f3n\u201d de los fen\u00f3menos sociales, econ\u00f3micos y pol\u00edticos. Otro caso similar que, sin embargo pasa desapercibido por lo general, es la \u201cglobalizaci\u00f3n\u201d. Veamos qu\u00e9 dice La Real Academia de esta \u00faltima: \u201cDifusi\u00f3n mundial de modos, valores o tendencias que fomenta [&hellip;]<\/p>\n","protected":false},"author":1,"featured_media":0,"parent":74920,"menu_order":0,"comment_status":"closed","ping_status":"closed","template":"","meta":{"footnotes":""},"class_list":["post-84544","page","type-page","status-publish","hentry"],"_links":{"self":[{"href":"https:\/\/ricardovicentelopez.com.ar\/index.php?rest_route=\/wp\/v2\/pages\/84544","targetHints":{"allow":["GET"]}}],"collection":[{"href":"https:\/\/ricardovicentelopez.com.ar\/index.php?rest_route=\/wp\/v2\/pages"}],"about":[{"href":"https:\/\/ricardovicentelopez.com.ar\/index.php?rest_route=\/wp\/v2\/types\/page"}],"author":[{"embeddable":true,"href":"https:\/\/ricardovicentelopez.com.ar\/index.php?rest_route=\/wp\/v2\/users\/1"}],"replies":[{"embeddable":true,"href":"https:\/\/ricardovicentelopez.com.ar\/index.php?rest_route=%2Fwp%2Fv2%2Fcomments&post=84544"}],"version-history":[{"count":3,"href":"https:\/\/ricardovicentelopez.com.ar\/index.php?rest_route=\/wp\/v2\/pages\/84544\/revisions"}],"predecessor-version":[{"id":84663,"href":"https:\/\/ricardovicentelopez.com.ar\/index.php?rest_route=\/wp\/v2\/pages\/84544\/revisions\/84663"}],"up":[{"embeddable":true,"href":"https:\/\/ricardovicentelopez.com.ar\/index.php?rest_route=\/wp\/v2\/pages\/74920"}],"wp:attachment":[{"href":"https:\/\/ricardovicentelopez.com.ar\/index.php?rest_route=%2Fwp%2Fv2%2Fmedia&parent=84544"}],"curies":[{"name":"wp","href":"https:\/\/api.w.org\/{rel}","templated":true}]}}

<figure class="wp-block-audio"><audio controls src="https://ricardovicentelopez.com.ar/wp-content/uploads/2019/07/02-HUMANAMENTE-1904.mp3"></audio><figcaption><strong><em>ESCUCHAR EL PROGRAMA</em></strong><br><br></figcaption></figure>



<figure class="wp-block-image"><img loading="lazy" decoding="async" width="650" height="432" src="https://ricardovicentelopez.com.ar/wp-content/uploads/2019/07/02-2.png" alt="" class="wp-image-84660" srcset="https://ricardovicentelopez.com.ar/wp-content/uploads/2019/07/02-2.png 650w, https://ricardovicentelopez.com.ar/wp-content/uploads/2019/07/02-2-300x199.png 300w" sizes="auto, (max-width: 650px) 100vw, 650px" /></figure>



<p class="wp-block-paragraph">Hay una palabra que comenzó
a usarse hace unas pocas décadas, aunque sin mucho entusiasmo: “naturalización”
de los fenómenos sociales, económicos y políticos. Otro caso similar que, sin
embargo pasa desapercibido por lo general, es la “globalización”. Veamos qué
dice La Real Academia de esta última: </p>



<p class="wp-block-paragraph">“Difusión
mundial de modos, valores o tendencias que fomenta la uniformidad de gustos y
costumbres; proceso por el que las economías y mercados, con el desarrollo de
las tecnologías de la comunicación, adquieren una dimensión mundial, de modo
que dependen cada vez más de los mercados externos y menos de la acción
reguladora de los Gobiernos”.</p>



<p class="wp-block-paragraph">Wikipedia lo define así:</p>



<p class="wp-block-paragraph">La globalización
es un proceso económico, tecnológico, político, social, empresarial y cultural
a escala mundial que consiste en la creciente comunicación e interdependencia
entre los distintos países del mundo uniendo sus mercados, sociedades y
culturas, a través de una serie de transformaciones sociales, económicas y
políticas que les dan un carácter global. La globalización es a menudo
identificada como un proceso dinámico producido principalmente por la sociedad,
y que ha abierto sus puertas a la revolución informática, llegando a un nivel considerable
de liberalización y democratización en su cultura política, en su ordenamiento
jurídico y económico nacional, y en sus relaciones nacionales e
internacionales. </p>



<p class="wp-block-paragraph">&nbsp;&nbsp;&nbsp;&nbsp;&nbsp;&nbsp;&nbsp;&nbsp;&nbsp;&nbsp;&nbsp;&nbsp;&nbsp;&nbsp;&nbsp;&nbsp; Ahora
la “projimidad”, concepto que profundiza lo que la “proximidad” significa, puesto
que le agrega la sensibilidad por los padecimientos posibles del otro y acude
en su ayuda. La “proximidad” habla de distancia; la “projimidad” habla de
compromiso. Ese que expresa Terencio al afirmas que “nada de lo que es humano
me es ajeno”. La diferencia radica en cómo se lo siente a ese otro, a ese que
al convertirlo en un <em>prójimo</em> le
expresa su com-pasión. Analicemos un poco esta palabra.</p>



<p class="wp-block-paragraph">Las diferencias aparecen
cuando se cambia la actitud respecto del otro, convertido en “prójimo”. Acá
debemos enfrentar un problema que <em>nos
obliga a detenernos a pensar</em>. Ello es hoy más necesario que en otros
tiempos. Por lo tanto debemos asumir toda esta problemática y equiparnos con
conceptos que enriquezcan nuestro pensamiento.</p>

<p>Hay una palabra que comenzó a usarse hace unas pocas décadas, aunque sin mucho entusiasmo: “naturalización” de los fenómenos sociales, económicos y políticos. Otro caso similar que, sin embargo pasa desapercibido por lo general, es la “globalización”. Veamos qué dice La Real Academia de esta última: “Difusión mundial de modos, valores o tendencias que fomenta [&hellip;]</p>
